{"id":47,"date":"2021-03-22T11:36:15","date_gmt":"2021-03-22T11:36:15","guid":{"rendered":"https:\/\/shop.drot-szamar.hu\/?page_id=47"},"modified":"2023-12-13T07:27:41","modified_gmt":"2023-12-13T07:27:41","slug":"adatvedelem","status":"publish","type":"page","link":"https:\/\/shop.drot-szamar.hu\/?page_id=47","title":{"rendered":"Adatv\u00e9delem"},"content":{"rendered":"<p>Regisztr\u00e1ci\u00f3val kapcsolatos t\u00e1j\u00e9koztat\u00f3 \u00e9s az adatkezel\u00e9si t\u00e1j\u00e9koztat\u00f3 c\u00e9lja<br \/>\nA regisztr\u00e1ci\u00f3 kit\u00f6lt\u00e9s\u00e9vel a Megrendel\u0151 hozz\u00e1j\u00e1rul, hogy a Dr\u00f2tszam\u00e0r Ker\u00e9kp\u00e1rbolt \u00e9s szerviz a k\u00f6z\u00f6lt szem\u00e9lyes adatokat, az inform\u00e1ci\u00f3s \u00f6nrendelkez\u00e9si jogr\u00f3l \u00e9s az inform\u00e1ci\u00f3s szabads\u00e1gr\u00f3l sz\u00f3l\u00f3 2011. \u00e9vi CXII. t\u00f6rv\u00e9ny 5. \u00a7 (1) bekezd\u00e9s a) pontja alapj\u00e1n, rendel\u00e9s teljes\u00edt\u00e9se, valamint szolg\u00e1ltat\u00e1sai rekl\u00e1moz\u00e1si c\u00e9lj\u00e1b\u00f3l kezelje.<\/p>\n<p>A megrendel\u0151 tudom\u00e1sul veszi, hogy az adatai t\u00f6rl\u00e9s\u00e9t az adatkezel\u0151h\u00f6z eljuttatott nyilatkozathozattal kezdem\u00e9nyezheti.<\/p>\n<p>Az adatkezel\u00e9si t\u00e1j\u00e9koztat\u00f3 c\u00e9lja, hogy \u00fcgyfeleinket t\u00e1j\u00e9koztassuk a kezelt szem\u00e9lyes adataik k\u00f6r\u00e9r\u0151l, megismertess\u00fck vele a Dr\u00f2tszam\u00e0r Ker\u00e9kp\u00e1rbolt \u00e9s szerviz adatkezel\u00e9si \u00e9s feldolgoz\u00e1si elj\u00e1r\u00e1s\u00e1t, valamint a szem\u00e9lyes adatok t\u00f6rl\u00e9s\u00e9nek lehet\u0151s\u00e9g\u00e9t biztos\u00edtjuk.<\/p>\n<p>\u00dcgyfeleink szem\u00e9lyes adatainak kezel\u00e9s\u00e9nek c\u00e9lja, hogy megrendel\u00e9seiket gyorsan pontosan teljes\u00edts\u00fck. E c\u00e9l el\u00e9r\u00e9s\u00e9hez sz\u00fcks\u00e9ges sz\u00fcks\u00e9ges az \u00d6n \u00e1ltal k\u00f6z\u00f6lt adatok kezel\u00e9se. Az adatkezel\u00e9s jogalapj\u00e1t az inform\u00e1ci\u00f3s \u00f6nrendelkez\u00e9si jogr\u00f3l \u00e9s az inform\u00e1ci\u00f3s szabads\u00e1gr\u00f3l sz\u00f3l\u00f3 2011. \u00e9vi CXII. t\u00f6rv\u00e9ny 5. \u00a7 (1) bekezd\u00e9s a) pontja biztos\u00edtja. \u00dcgyfeleink szem\u00e9lyes adatait az adatkezel\u00e9shez adott nyilatkozat visszavon\u00e1s\u00e1ig kezelj\u00fck. Szem\u00e9lyes adatait harmadik szem\u00e9lynek nem tov\u00e1bb\u00edtjuk, nyilv\u00e1noss\u00e1gra nem hozzuk \u00e9s azokat kiz\u00e1r\u00f3lag a fent megjel\u00f6lt c\u00e9lb\u00f3l kezelj\u00fck.<\/p>\n<p>Az \u00d6n \u00e1ltal k\u00f6z\u00f6lt szem\u00e9lyes adatokat z\u00e1rtl\u00e1nc\u00fa sz\u00e1m\u00edt\u00f3g\u00e9pes rendszeren t\u00e1roljuk.<\/p>\n<p>Regisztr\u00e1ci\u00f3 h\u00edrlev\u00e9l szolg\u00e1ltat\u00e1sra<br \/>\nA Dr\u00f2tszam\u00e0r Ker\u00e9kp\u00e1rbolt \u00e9s szerviz a shop.drot-szamar.hu honlap \u00fczemeltet\u0151je elektronikus h\u00edrlev\u00e9l szolg\u00e1ltat\u00e1s\u00e1n kereszt\u00fcl \u00dcgyfelei sz\u00e1m\u00e1ra k\u00edv\u00e1nja lehet\u0151v\u00e9 tenni, hogy e-amilben t\u00e1j\u00e9koz\u00f3djanak a Dr\u00f2tszam\u00e0r Ker\u00e9kp\u00e1rbolt \u00e9s szerviz tev\u00e9kenys\u00e9g\u00e9r\u0151l, a shop.drot-szamar.hu web\u00e1ruh\u00e1z aci\u00f3ir\u00f3l, \u00fajdons\u00e1gair\u00f3l, suolg\u00e1ltat\u00e1sair\u00f3l.<\/p>\n<p>A h\u00edrlev\u00e9l szolg\u00e1ltat\u00e1s az \u00fcgyfelek kifejezett enged\u00e9ly\u00e9hez k\u00f6ti.<\/p>\n<p>A szem\u00e9lyes adatok kezel\u00e9s\u00e9t a Nemzeti Adatv\u00e9delmi \u00e9s Inform\u00e1ci\u00f3szabads\u00e1g Hat\u00f3s\u00e1g nyilv\u00e1ntart\u00e1sba vette: jelenleg folyamatban.<\/p>\n<p>ADATV\u00c9DELMI T\u00c1J\u00c9KOZTAT\u00d3<br \/>\nAz adatkezel\u0151 adatai, el\u00e9rhet\u0151s\u00e9ge:<\/p>\n<p><strong>N\u00e9v:<\/strong>\u00a0Asztalos Sandor E.V.<br \/>\n<strong>Sz\u00e9khely:<\/strong>\u00a01149 Bp. Nagy Lajos kir. utja 164.<br \/>\n<strong>Levelez\u00e9si c\u00edm:<\/strong>\u00a01105. Budapest Kada u 130<br \/>\n<strong>\u00dczlethelyis\u00e9g c\u00edme:<\/strong> \u00a01105. Budapest Kada u 130<br \/>\n<strong>Nyilv\u00e1ntart\u00e1si sz\u00e1m:<\/strong>\u00a06680877<br \/>\n<strong>Ad\u00f3sz\u00e1m:<\/strong>\u00a056072060-2-42<br \/>\n<strong>Sz\u00e1mlavezet\u0151 p\u00e9nzint\u00e9zet:<\/strong>\u00a0OTP Bank Nyrt.<br \/>\n<strong>Sz\u00e1mlasz\u00e1m:\u00a0 1170703121451803<\/strong><br \/>\n<strong>E-mail c\u00edm:<\/strong>\u00a0info@drot-szamar.hu<br \/>\n<strong>Telefonsz\u00e1m:<\/strong>\u00a006209461643<br \/>\nshop.drot-szamar.hu<\/p>\n<p>I. Az adatkezel\u00e9s \u00e1ltal\u00e1nos t\u00e1j\u00e9koztat\u00f3<\/p>\n<p>A Dr\u00f2tszam\u00e0r Ker\u00e9kp\u00e1rbolt \u00e9s szerviz AZ EUR\u00d3PAI PARLAMENT \u00c9S A TAN\u00c1CS (EU) 2016\/679 RENDELETE &#8211; tov\u00e1bbiakban: rendelet &#8211; rendelkez\u00e9sei szerint, a szem\u00e9lyes adat tulajdonos\u00e1nak &#8211; tov\u00e1bbiakban: \u00e9rintett &#8211; \u200b\u00f6nk\u00e9ntes hozz\u00e1j\u00e1rul\u00e1sa, valamint jogi k\u00f6telezetts\u00e9g teljes\u00edt\u00e9se alapj\u00e1n kezeli a szem\u00e9lyes adatokat.<\/p>\n<p>A jelen adatkezel\u00e9si t\u00e1j\u00e9koztat\u00f3 kiterjed:<\/p>\n<p>\u2022 a Dr\u00f2tszam\u00e0r Ker\u00e9kp\u00e1rbolt \u00e9s szerviz r\u00e9sz\u00e9re elektronikus \u00faton, telefonon vagy szem\u00e9lyesen tov\u00e1bb\u00edtott szem\u00e9lyes adatokra.<br \/>\n\u2022 Az \u00e9rintett \u00e1ltal a Dr\u00f2tszam\u00e0r Ker\u00e9kp\u00e1rbolt \u00e9s szerviz munkat\u00e1rsaival lefolytatott telefonos, vagy szem\u00e9lyes besz\u00e9lget\u00e9s sor\u00e1n r\u00f6gz\u00edtett adatokra<\/p>\n<p>II. Adatkezel\u00e9s jogalapja<\/p>\n<p>Megrendel\u00e9s, \u00e1rusz\u00e1ll\u00edt\u00e1s, jav\u00edt\u00e1si szolg\u00e1ltat\u00e1s: Dr\u00f2tszam\u00e0r Ker\u00e9kp\u00e1rbolt \u00e9s szerviz a szem\u00e9lyes adatokat a rendelet szerint, az \u00e9rintett \u00f6nk\u00e9ntes hozz\u00e1j\u00e1rul\u00e1sa alapj\u00e1n kezeli.<\/p>\n<p>Sz\u00e1ml\u00e1z\u00e1s: Dr\u00f2tszam\u00e0r Ker\u00e9kp\u00e1rbolt \u00e9s szerviz a szem\u00e9lyes adatokat a rendelet szerint, jogi k\u00f6telezetts\u00e9g teljes\u00edt\u00e9se alapj\u00e1n, a 2000. \u00e9vi C. t\u00f6rv\u00e9ny a sz\u00e1mvitelr\u0151l 169. \u00a7 (2) bekezd\u00e9se szerint kezeli. Az \u00e9rintett hozz\u00e1j\u00e1rul\u00e1sa \u00e9s jogi k\u00f6telezetts\u00e9g alapj\u00e1n, a Dr\u00f2tszam\u00e0r Ker\u00e9kp\u00e1rbolt \u00e9s szerviz III. pontban megfogalmazott adatkezel\u00e9seket hajtja v\u00e9gre.<\/p>\n<p>III. Az adatkezel\u00e9s c\u00e9lja<\/p>\n<p>Dr\u00f2tszam\u00e0r Ker\u00e9kp\u00e1rbolt \u00e9s szerviz nek szem\u00e9lyesen, telefonon, e-mail-en vagy a c\u00e9g web\u00e1ruh\u00e1z\u00e1ban leadott megrendel\u00e9sek teljes\u00edt\u00e9se \u00e9s a j\u00f3t\u00e1ll\u00e1si \/ szavatoss\u00e1gi k\u00f6telezetts\u00e9gek vonatkoz\u00f3 t\u00f6rv\u00e9nyek szerinti betart\u00e1sa.<\/p>\n<p>IV.Adatkezel\u00e9sek<\/p>\n<p>A megrendel\u00e9ssel \u00e9s a sz\u00e1ml\u00e1z\u00e1ssal kapcsolatos adatkezel\u00e9s<\/p>\n<p>\u2022 Az adatkezel\u00e9s jogszab\u00e1lyi h\u00e1ttere \u00e9s jogalapja: Az adatkezel\u00e9s h\u00e1tter\u00e9t a rendelet \u00e9s a sz\u00e1mvitelr\u0151l sz\u00f3l\u00f3 2000. \u00e9vi C. t\u00f6rv\u00e9ny (Sztv.) rendelkez\u00e9sei jelentik. Az adatkezel\u00e9s jogalapja rendelet 6 cikk (1) bekezd\u00e9s a) pontj\u00e1val \u00f6sszhangban az \u00d6n hozz\u00e1j\u00e1rul\u00e1sa, valamint rendelet 6 cikk (1) bekezd\u00e9s c) pontja alapj\u00e1n az Adatkezel\u0151t terhel\u0151, Sztv-ben megfogalmazott jogi k\u00f6telezetts\u00e9g teljes\u00edt\u00e9se.<br \/>\n\u2022 Az adatkezel\u00e9s c\u00e9lja: A jogszab\u00e1lyoknak megfelel\u0151 sz\u00e1mla ki\u00e1ll\u00edt\u00e1sa \u00e9s a sz\u00e1mviteli bizonylat-meg\u0151rz\u00e9si k\u00f6telezetts\u00e9g teljes\u00edt\u00e9se. Az Sztv. 169. \u00a7 (1)-(2) bekezd\u00e9se alapj\u00e1n a gazdas\u00e1gi t\u00e1rsas\u00e1goknak a k\u00f6nyvviteli elsz\u00e1mol\u00e1st k\u00f6zvetlen\u00fcl \u00e9s k\u00f6zvetetten al\u00e1t\u00e1maszt\u00f3 sz\u00e1mviteli bizonylatot meg kell \u0151rizni\u00fck.<br \/>\n\u2022 A kezelt adatok k\u00f6re: N\u00e9v, c\u00edm, e-mail c\u00edm, telefonsz\u00e1m.<br \/>\n\u2022 Az adatkezel\u00e9s id\u0151tartama: A ki\u00e1ll\u00edtott sz\u00e1ml\u00e1kat az Sztv. 169. \u00a7 (2) bekezd\u00e9se alapj\u00e1n a sz\u00e1mla ki\u00e1ll\u00edt\u00e1s\u00e1t\u00f3l sz\u00e1m\u00edtott 8 plusz egy \u00e9vig meg kell \u0151rizni. T\u00e1j\u00e9koztatjuk arr\u00f3l, hogy amennyiben a sz\u00e1mla ki\u00e1ll\u00edt\u00e1s\u00e1hoz adott hozz\u00e1j\u00e1rul\u00e1s\u00e1t visszavonja, a Dr\u00f2tszam\u00e0r Ker\u00e9kp\u00e1rbolt \u00e9s szerviz a rendelet 6 cikk (1) bekezd\u00e9s c) pontja alapj\u00e1n jogosult a sz\u00e1mla ki\u00e1ll\u00edt\u00e1sa sor\u00e1n megismert szem\u00e9lyes adatait 8 plusz egy \u00e9vig meg\u0151rizni.<br \/>\nAz \u00e1rusz\u00e1ll\u00edt\u00e1shoz kapcsol\u00f3d\u00f3 adatkezel\u00e9s<\/p>\n<p>\u2022 Az adatkezel\u00e9s jogszab\u00e1lyi h\u00e1ttere \u00e9s jogalapja: Az adatkezel\u00e9s h\u00e1tter\u00e9t a rendelet rendelkez\u00e9sei jelentik. Az adatkezel\u00e9s jogalapja rendelet 6 cikk (1) bekezd\u00e9s a) pontj\u00e1val \u00f6sszhangban az \u00d6n hozz\u00e1j\u00e1rul\u00e1sa.<br \/>\n\u2022 Az adatkezel\u00e9s c\u00e9lja: Az \u00e1rusz\u00e1ll\u00edt\u00e1s eset\u00e9ben az adatkezel\u00e9s c\u00e9lja az, hogy a megrendelt \u00e1rut az \u00d6n ig\u00e9ny\u00e9hez alkalmazkodva szerz\u0151d\u00e9ses partner\u00fcnk k\u00f6zrem\u0171k\u00f6d\u00e9s\u00e9vel kisz\u00e1ll\u00edtsuk az \u0150n sz\u00e1m\u00e1ra.<br \/>\n\u2022 A kezelt adatok k\u00f6re: N\u00e9v, c\u00edm, e-mail c\u00edm, telefonsz\u00e1m.<br \/>\n\u2022 Az adatkezel\u00e9s id\u0151tartama: A Dr\u00f2tszam\u00e0r Ker\u00e9kp\u00e1rbolt \u00e9s szerviz az adatokat a megrendelt \u00e1ru kisz\u00e1ll\u00edt\u00e1s\u00e1nak id\u0151tartam\u00e1ig kezeli.<br \/>\nJav\u00edt\u00e1si szolg\u00e1ltat\u00e1shoz kapcsol\u00f3d\u00f3 adatkezel\u00e9s<\/p>\n<p>\u2022 Az adatkezel\u00e9s jogszab\u00e1lyi h\u00e1ttere \u00e9s jogalapja: Az adatkezel\u00e9s h\u00e1tter\u00e9t a rendelet rendelkez\u00e9sei jelentik. Az adatkezel\u00e9s jogalapja rendelet 6 cikk (1) bekezd\u00e9s a) pontj\u00e1val \u00f6sszhangban az \u00d6n hozz\u00e1j\u00e1rul\u00e1sa.<br \/>\n\u2022 Az adatkezel\u00e9s c\u00e9lja: Az \u00d6n \u00e1ltal v\u00e1s\u00e1rolt \u00e1ruval kapcsolatos garanci\u00e1lis \u00e9s szerviz tev\u00e9kenys\u00e9gek ell\u00e1t\u00e1sa.<br \/>\n\u2022 A kezelt adatok k\u00f6re: N\u00e9v, c\u00edm, e-mail c\u00edm, telefonsz\u00e1m, v\u00e1s\u00e1rolt term\u00e9k gy\u00e1ri sz\u00e1ma illetve cikksz\u00e1ma<br \/>\nAz adatkezel\u00e9s id\u0151tartama: Dr\u00f2tszam\u00e0r Ker\u00e9kp\u00e1rbolt \u00e9s szerviz az adatokat a megv\u00e1s\u00e1rolt term\u00e9khez kapcsol\u00f3d\u00f3 garancia lej\u00e1rat\u00e1ig kezeli.<\/p>\n<p>V. Adatfeldolgoz\u00f3 Sz\u00e1ml\u00e1z\u00e1s:<\/p>\n<p>A megrendelt \u00e1ruk ki\u00e1ll\u00edtott sz\u00e1ml\u00e1ihoz kapcsol\u00f3d\u00f3 sz\u00e1mviteli feladatokat, a Dr\u00f2tszam\u00e0r Ker\u00e9kp\u00e1rbolt \u00e9s szerviz \u00e1ltal biztos\u00edtott fel\u00fcleten a TUXEXPERT s.r.o.l\u00e1tja el. A ki\u00e1ll\u00edtott sz\u00e1ml\u00e1kat Dr\u00f2tszam\u00e0r Ker\u00e9kp\u00e1rbolt \u00e9s szerviz a t\u00e1j\u00e9koztat\u00f3 IV. pontja szerint kezeli.<\/p>\n<p>VI. Adatbiztons\u00e1g<\/p>\n<p>Az Dr\u00f2tszam\u00e0r Ker\u00e9kp\u00e1rbolt \u00e9s szerviz megteszi \u00e9s fenntartja azokat a technikai \u00e9s szervez\u00e9si int\u00e9zked\u00e9seket, melyek az \u00e9rintett szem\u00e9lyes adatainak elveszt\u00e9s\u00e9nek, megsemmis\u00fcl\u00e9s\u00e9nek, nem sz\u00e1nd\u00e9kolt megv\u00e1ltoz\u00e1s\u00e1nak vagy harmadik f\u00e9l \u00e1ltali jogosulatlan megszerz\u00e9s\u00e9nek megel\u0151z\u00e9s\u00e9hez sz\u00fcks\u00e9gesek. A Dr\u00f2tszam\u00e0r Ker\u00e9kp\u00e1rbolt \u00e9s szerviz \u00e9s az \u00e1ltala megb\u00edzott adatfeldolgoz\u00f3k az \u00e9rintett \u00e1ltal megadott adatokat kiz\u00e1r\u00f3lag az adatkezel\u00e9s c\u00e9lj\u00e1b\u00f3l, a t\u00e1j\u00e9koztat\u00f3 IV. pontj\u00e1ban meghat\u00e1rozott ideig kezelik. A Dr\u00f2tszam\u00e0r Ker\u00e9kp\u00e1rbolt \u00e9s szerviz \u00e9s az \u00e1ltala megb\u00edzott adatfeldolgoz\u00f3k kiz\u00e1r\u00f3lag olyan szoftvereket \u00e9s online megold\u00e1sokat alkalmaznak, amelyek a rendeletben megfogalmazott rendelkez\u00e9sekkel teljes \u00f6sszhangban \u00e1llnak.<\/p>\n<p>VII. Adatv\u00e9delmi incidens<\/p>\n<p>A Dr\u00f2tszam\u00e0r Ker\u00e9kp\u00e1rbolt \u00e9s szerviz \u00e1ltal kezelt szem\u00e9lyes adatokat \u00e9rint\u0151 adatv\u00e9delmi incidens eset\u00e9n a Dr\u00f2tszam\u00e0r Ker\u00e9kp\u00e1rbolt \u00e9s szerviz , a tudom\u00e1s szerz\u00e9st k\u00f6vet\u0151en indokolatlan k\u00e9sedelem n\u00e9lk\u00fcl, legk\u00e9s\u0151bb 72 \u00f3r\u00e1n bel\u00fcl \u00e9rtes\u00edti az \u00e9rintetett \u00e9s a Nemzeti Adatv\u00e9delmi \u00e9s Inform\u00e1ci\u00f3szabads\u00e1g Hat\u00f3s\u00e1got. Az adatv\u00e9delmi incidenssel kapcsolatban minden esetben adatv\u00e9delmi hat\u00e1svizsg\u00e1latot folytat le, amelynek eredm\u00e9ny\u00e9r\u0151l az \u00e9rintettet \u00e9rtes\u00edti.<\/p>\n<p>VIII.Az \u00e9rintett jogai \u00c9rintett a rendeletben megfogalmazott, jogaival \u00e9lhet:<\/p>\n<p>\u2022 t\u00e1j\u00e9koztat\u00e1s: \u00e9rintett jogosult t\u00e1j\u00e9koztat\u00e1st k\u00e9rni szem\u00e9lyes adatai kezel\u00e9s\u00e9r\u0151l,<br \/>\n\u2022 hozz\u00e1f\u00e9r\u00e9s joga: az \u00e9rintett jogosult hozz\u00e1f\u00e9rni az \u00f6sszes szem\u00e9lyes adathoz, amit az adatkezel\u0151 vele kapcsolatban nyilv\u00e1ntart,<br \/>\n\u2022 t\u00f6rl\u00e9shez val\u00f3 jog: az \u00e9rintett jogosult k\u00e9rni a kezelt szem\u00e9lyes adatai t\u00f6rl\u00e9s\u00e9t, \u00e9s k\u00f6teles err\u0151l t\u00e1j\u00e9koztatni az \u00e9rintettet,<br \/>\n\u2022 helyesb\u00edt\u00e9s: az \u00e9rintett jogosult k\u00e9rni pontatlan adatainak helyesb\u00edt\u00e9s\u00e9t az adatkezel\u0151t\u0151l,<br \/>\n\u2022 elfeledtet\u00e9shez val\u00f3 jog: ha az adatkezel\u0151 nyilv\u00e1noss\u00e1gra hozta az \u00e9rintett szem\u00e9lyes adat\u00e1t, \u00e9s azt t\u00f6r\u00f6lni k\u00f6teles, akkor az adatkezel\u0151 minden \u00e9sszer\u0171en elv\u00e1rhat\u00f3 l\u00e9p\u00e9st k\u00f6teles megtenni, hogy az \u00f6sszes c\u00edmzett a t\u00f6rl\u00e9si k\u00e9relemr\u0151l \u00e9rtes\u00edt\u00e9st kapjon,<br \/>\n\u2022 adathordozhat\u00f3s\u00e1ghoz val\u00f3 jog: az adatkezel\u0151 k\u00f6teles, az \u00e9rintett \u00e1ltal megadott szem\u00e9lyes adatokat &#8211; sz\u00e9les k\u00f6rben haszn\u00e1lt, g\u00e9ppel olvashat\u00f3 form\u00e1tumban &#8211; az \u00e9rintett r\u00e9sz\u00e9re kiadni, ha azt az \u00e9rintett k\u00e9ri,<br \/>\n\u2022 tiltakoz\u00e1s: az \u00e9rintett szem\u00e9lyes adat\u00e1nak kezel\u00e9s\u00e9t kifog\u00e1solhatja, \u00e9s az adatkezel\u00e9s megsz\u00fcntet\u00e9s\u00e9t, illetve a kezelt adat t\u00f6rl\u00e9s\u00e9t k\u00e9rheti,<br \/>\n\u2022 adatkezel\u00e9s korl\u00e1toz\u00e1sa: az \u00e9rintett k\u00e9rheti szem\u00e9lyes adatainak korl\u00e1toz\u00e1s\u00e1t, az adatkezel\u0151 ebben az esetben azonos\u00edt\u00f3 jelz\u00e9ssel l\u00e1tja el az adatokat , tov\u00e1bbi adat kezel\u00e9s\u00e9nek v\u00e9gleges vagy meghat\u00e1rozott id\u0151re t\u00f6rt\u00e9n\u0151 korl\u00e1toz\u00e1sa c\u00e9lj\u00e1b\u00f3l;<br \/>\nAz \u00e9rintett megkeres\u00e9s\u00e9re Dr\u00f2tszam\u00e0r Ker\u00e9kp\u00e1rbolt \u00e9s szerviz , a rendelet \u00e1ltal biztos\u00edtott 30 napos hat\u00e1rid\u0151n bel\u00fcl k\u00f6teles v\u00e1laszt adni.<\/p>\n<p>IX. Jogorvoslatok<\/p>\n<p>Az \u00e9rintett szem\u00e9lyes adatv\u00e9delemmel kapcsolatos jogainak megs\u00e9rt\u00e9se eset\u00e9n b\u00edr\u00f3s\u00e1ghoz fordulhat. A b\u00edr\u00f3s\u00e1g az \u00fcgyben soron k\u00edv\u00fcl j\u00e1r el. A per elb\u00edr\u00e1l\u00e1sa az illet\u00e9kes megyei b\u00edr\u00f3s\u00e1g, a f\u0151v\u00e1rosban a F\u0151v\u00e1rosi T\u00f6rv\u00e9nysz\u00e9k hat\u00e1sk\u00f6r\u00e9be tartozik. A per &#8211; az \u00e9rintett v\u00e1laszt\u00e1sa szerint &#8211; az \u00e9rintett lak\u00f3helye vagy tart\u00f3zkod\u00e1si helye szerinti megyei b\u00edr\u00f3s\u00e1g el\u0151tt is megind\u00edthat\u00f3.<\/p>\n<p>A Nemzeti Adatv\u00e9delmi \u00e9s Inform\u00e1ci\u00f3szabads\u00e1g Hat\u00f3s\u00e1gn\u00e1l &#8211; https:\/\/naih.hu\/online-uegyinditas.html &#8211; bejelent\u00e9ssel az \u00e9rintett vizsg\u00e1latot kezdem\u00e9nyezhet arra hivatkoz\u00e1ssal, hogy szem\u00e9lyes adatai kezel\u00e9s\u00e9vel kapcsolatban jogs\u00e9relem k\u00f6vetkezett be, vagy annak k\u00f6zvetlen vesz\u00e9lye fenn\u00e1ll.<\/p>\n","protected":false},"excerpt":{"rendered":"<p>Regisztr\u00e1ci\u00f3val kapcsolatos t\u00e1j\u00e9koztat\u00f3 \u00e9s az adatkezel\u00e9si t\u00e1j\u00e9koztat\u00f3 c\u00e9lja A regisztr\u00e1ci\u00f3 kit\u00f6lt\u00e9s\u00e9vel a Megrendel\u0151 hozz\u00e1j\u00e1rul, hogy a Dr\u00f2tszam\u00e0r Ker\u00e9kp\u00e1rbolt \u00e9s szerviz a k\u00f6z\u00f6lt szem\u00e9lyes adatokat, az inform\u00e1ci\u00f3s \u00f6nrendelkez\u00e9si jogr\u00f3l \u00e9s az inform\u00e1ci\u00f3s szabads\u00e1gr\u00f3l sz\u00f3l\u00f3 2011. \u00e9vi CXII. t\u00f6rv\u00e9ny 5. \u00a7 (1) bekezd\u00e9s a) pontja alapj\u00e1n, rendel\u00e9s teljes\u00edt\u00e9se, valamint szolg\u00e1ltat\u00e1sai rekl\u00e1moz\u00e1si c\u00e9lj\u00e1b\u00f3l kezelje. A megrendel\u0151 tudom\u00e1sul veszi, [&hellip;]<\/p>\n","protected":false},"author":1,"featured_media":0,"parent":0,"menu_order":0,"comment_status":"closed","ping_status":"closed","template":"","meta":{"footnotes":""},"class_list":["post-47","page","type-page","status-publish","hentry"],"yoast_head":"<!-- This site is optimized with the Yoast SEO Premium plugin v22.1 (Yoast SEO v27.3) - https:\/\/yoast.com\/product\/yoast-seo-premium-wordpress\/ -->\n<title>Adatv\u00e9delem - Dr\u00f3t-Szam\u00e1r Shop<\/title>\n<meta name=\"robots\" content=\"index, follow, max-snippet:-1, max-image-preview:large, max-video-preview:-1\" \/>\n<link rel=\"canonical\" href=\"https:\/\/shop.drot-szamar.hu\/?page_id=47\" \/>\n<meta property=\"og:locale\" content=\"hu_HU\" \/>\n<meta property=\"og:type\" content=\"article\" \/>\n<meta property=\"og:title\" content=\"Adatv\u00e9delem\" \/>\n<meta property=\"og:description\" content=\"Regisztr\u00e1ci\u00f3val kapcsolatos t\u00e1j\u00e9koztat\u00f3 \u00e9s az adatkezel\u00e9si t\u00e1j\u00e9koztat\u00f3 c\u00e9lja A regisztr\u00e1ci\u00f3 kit\u00f6lt\u00e9s\u00e9vel a Megrendel\u0151 hozz\u00e1j\u00e1rul, hogy a Dr\u00f2tszam\u00e0r Ker\u00e9kp\u00e1rbolt \u00e9s szerviz a k\u00f6z\u00f6lt szem\u00e9lyes adatokat, az inform\u00e1ci\u00f3s \u00f6nrendelkez\u00e9si jogr\u00f3l \u00e9s az inform\u00e1ci\u00f3s szabads\u00e1gr\u00f3l sz\u00f3l\u00f3 2011. \u00e9vi CXII. t\u00f6rv\u00e9ny 5. \u00a7 (1) bekezd\u00e9s a) pontja alapj\u00e1n, rendel\u00e9s teljes\u00edt\u00e9se, valamint szolg\u00e1ltat\u00e1sai rekl\u00e1moz\u00e1si c\u00e9lj\u00e1b\u00f3l kezelje. A megrendel\u0151 tudom\u00e1sul veszi, [&hellip;]\" \/>\n<meta property=\"og:url\" content=\"https:\/\/shop.drot-szamar.hu\/?page_id=47\" \/>\n<meta property=\"og:site_name\" content=\"Dr\u00f3t-Szam\u00e1r Shop\" \/>\n<meta property=\"article:modified_time\" content=\"2023-12-13T07:27:41+00:00\" \/>\n<meta name=\"twitter:card\" content=\"summary_large_image\" \/>\n<meta name=\"twitter:label1\" content=\"Becs\u00fclt olvas\u00e1si id\u0151\" \/>\n\t<meta name=\"twitter:data1\" content=\"10 perc\" \/>\n<script type=\"application\/ld+json\" class=\"yoast-schema-graph\">{\"@context\":\"https:\\\/\\\/schema.org\",\"@graph\":[{\"@type\":\"WebPage\",\"@id\":\"https:\\\/\\\/shop.drot-szamar.hu\\\/?page_id=47\",\"url\":\"https:\\\/\\\/shop.drot-szamar.hu\\\/?page_id=47\",\"name\":\"Adatv\u00e9delem - Dr\u00f3t-Szam\u00e1r Shop\",\"isPartOf\":{\"@id\":\"https:\\\/\\\/shop.drot-szamar.hu\\\/#website\"},\"datePublished\":\"2021-03-22T11:36:15+00:00\",\"dateModified\":\"2023-12-13T07:27:41+00:00\",\"breadcrumb\":{\"@id\":\"https:\\\/\\\/shop.drot-szamar.hu\\\/?page_id=47#breadcrumb\"},\"inLanguage\":\"hu\",\"potentialAction\":[{\"@type\":\"ReadAction\",\"target\":[\"https:\\\/\\\/shop.drot-szamar.hu\\\/?page_id=47\"]}]},{\"@type\":\"BreadcrumbList\",\"@id\":\"https:\\\/\\\/shop.drot-szamar.hu\\\/?page_id=47#breadcrumb\",\"itemListElement\":[{\"@type\":\"ListItem\",\"position\":1,\"name\":\"Home\",\"item\":\"https:\\\/\\\/shop.drot-szamar.hu\\\/\"},{\"@type\":\"ListItem\",\"position\":2,\"name\":\"Adatv\u00e9delem\"}]},{\"@type\":\"WebSite\",\"@id\":\"https:\\\/\\\/shop.drot-szamar.hu\\\/#website\",\"url\":\"https:\\\/\\\/shop.drot-szamar.hu\\\/\",\"name\":\"Dr\u00f3t-Szam\u00e1r Shop\",\"description\":\"Bring\u00e1k, elektromos \u00e9s hagyom\u00e1nyos rollerek, kieg\u00e9sz\u00edt\u0151k\",\"publisher\":{\"@id\":\"https:\\\/\\\/shop.drot-szamar.hu\\\/#organization\"},\"potentialAction\":[{\"@type\":\"SearchAction\",\"target\":{\"@type\":\"EntryPoint\",\"urlTemplate\":\"https:\\\/\\\/shop.drot-szamar.hu\\\/?s={search_term_string}\"},\"query-input\":{\"@type\":\"PropertyValueSpecification\",\"valueRequired\":true,\"valueName\":\"search_term_string\"}}],\"inLanguage\":\"hu\"},{\"@type\":\"Organization\",\"@id\":\"https:\\\/\\\/shop.drot-szamar.hu\\\/#organization\",\"name\":\"Dr\u00f3t-Szam\u00e1r Shop\",\"url\":\"https:\\\/\\\/shop.drot-szamar.hu\\\/\",\"logo\":{\"@type\":\"ImageObject\",\"inLanguage\":\"hu\",\"@id\":\"https:\\\/\\\/shop.drot-szamar.hu\\\/#\\\/schema\\\/logo\\\/image\\\/\",\"url\":\"https:\\\/\\\/shop.drot-szamar.hu\\\/wp-content\\\/uploads\\\/2021\\\/03\\\/cropped-logo-small-1.png\",\"contentUrl\":\"https:\\\/\\\/shop.drot-szamar.hu\\\/wp-content\\\/uploads\\\/2021\\\/03\\\/cropped-logo-small-1.png\",\"width\":200,\"height\":184,\"caption\":\"Dr\u00f3t-Szam\u00e1r Shop\"},\"image\":{\"@id\":\"https:\\\/\\\/shop.drot-szamar.hu\\\/#\\\/schema\\\/logo\\\/image\\\/\"}}]}<\/script>\n<!-- \/ Yoast SEO Premium plugin. -->","yoast_head_json":{"title":"Adatv\u00e9delem - Dr\u00f3t-Szam\u00e1r Shop","robots":{"index":"index","follow":"follow","max-snippet":"max-snippet:-1","max-image-preview":"max-image-preview:large","max-video-preview":"max-video-preview:-1"},"canonical":"https:\/\/shop.drot-szamar.hu\/?page_id=47","og_locale":"hu_HU","og_type":"article","og_title":"Adatv\u00e9delem","og_description":"Regisztr\u00e1ci\u00f3val kapcsolatos t\u00e1j\u00e9koztat\u00f3 \u00e9s az adatkezel\u00e9si t\u00e1j\u00e9koztat\u00f3 c\u00e9lja A regisztr\u00e1ci\u00f3 kit\u00f6lt\u00e9s\u00e9vel a Megrendel\u0151 hozz\u00e1j\u00e1rul, hogy a Dr\u00f2tszam\u00e0r Ker\u00e9kp\u00e1rbolt \u00e9s szerviz a k\u00f6z\u00f6lt szem\u00e9lyes adatokat, az inform\u00e1ci\u00f3s \u00f6nrendelkez\u00e9si jogr\u00f3l \u00e9s az inform\u00e1ci\u00f3s szabads\u00e1gr\u00f3l sz\u00f3l\u00f3 2011. \u00e9vi CXII. t\u00f6rv\u00e9ny 5. \u00a7 (1) bekezd\u00e9s a) pontja alapj\u00e1n, rendel\u00e9s teljes\u00edt\u00e9se, valamint szolg\u00e1ltat\u00e1sai rekl\u00e1moz\u00e1si c\u00e9lj\u00e1b\u00f3l kezelje. A megrendel\u0151 tudom\u00e1sul veszi, [&hellip;]","og_url":"https:\/\/shop.drot-szamar.hu\/?page_id=47","og_site_name":"Dr\u00f3t-Szam\u00e1r Shop","article_modified_time":"2023-12-13T07:27:41+00:00","twitter_card":"summary_large_image","twitter_misc":{"Becs\u00fclt olvas\u00e1si id\u0151":"10 perc"},"schema":{"@context":"https:\/\/schema.org","@graph":[{"@type":"WebPage","@id":"https:\/\/shop.drot-szamar.hu\/?page_id=47","url":"https:\/\/shop.drot-szamar.hu\/?page_id=47","name":"Adatv\u00e9delem - Dr\u00f3t-Szam\u00e1r Shop","isPartOf":{"@id":"https:\/\/shop.drot-szamar.hu\/#website"},"datePublished":"2021-03-22T11:36:15+00:00","dateModified":"2023-12-13T07:27:41+00:00","breadcrumb":{"@id":"https:\/\/shop.drot-szamar.hu\/?page_id=47#breadcrumb"},"inLanguage":"hu","potentialAction":[{"@type":"ReadAction","target":["https:\/\/shop.drot-szamar.hu\/?page_id=47"]}]},{"@type":"BreadcrumbList","@id":"https:\/\/shop.drot-szamar.hu\/?page_id=47#breadcrumb","itemListElement":[{"@type":"ListItem","position":1,"name":"Home","item":"https:\/\/shop.drot-szamar.hu\/"},{"@type":"ListItem","position":2,"name":"Adatv\u00e9delem"}]},{"@type":"WebSite","@id":"https:\/\/shop.drot-szamar.hu\/#website","url":"https:\/\/shop.drot-szamar.hu\/","name":"Dr\u00f3t-Szam\u00e1r Shop","description":"Bring\u00e1k, elektromos \u00e9s hagyom\u00e1nyos rollerek, kieg\u00e9sz\u00edt\u0151k","publisher":{"@id":"https:\/\/shop.drot-szamar.hu\/#organization"},"potentialAction":[{"@type":"SearchAction","target":{"@type":"EntryPoint","urlTemplate":"https:\/\/shop.drot-szamar.hu\/?s={search_term_string}"},"query-input":{"@type":"PropertyValueSpecification","valueRequired":true,"valueName":"search_term_string"}}],"inLanguage":"hu"},{"@type":"Organization","@id":"https:\/\/shop.drot-szamar.hu\/#organization","name":"Dr\u00f3t-Szam\u00e1r Shop","url":"https:\/\/shop.drot-szamar.hu\/","logo":{"@type":"ImageObject","inLanguage":"hu","@id":"https:\/\/shop.drot-szamar.hu\/#\/schema\/logo\/image\/","url":"https:\/\/shop.drot-szamar.hu\/wp-content\/uploads\/2021\/03\/cropped-logo-small-1.png","contentUrl":"https:\/\/shop.drot-szamar.hu\/wp-content\/uploads\/2021\/03\/cropped-logo-small-1.png","width":200,"height":184,"caption":"Dr\u00f3t-Szam\u00e1r Shop"},"image":{"@id":"https:\/\/shop.drot-szamar.hu\/#\/schema\/logo\/image\/"}}]}},"_links":{"self":[{"href":"https:\/\/shop.drot-szamar.hu\/index.php?rest_route=\/wp\/v2\/pages\/47","targetHints":{"allow":["GET"]}}],"collection":[{"href":"https:\/\/shop.drot-szamar.hu\/index.php?rest_route=\/wp\/v2\/pages"}],"about":[{"href":"https:\/\/shop.drot-szamar.hu\/index.php?rest_route=\/wp\/v2\/types\/page"}],"author":[{"embeddable":true,"href":"https:\/\/shop.drot-szamar.hu\/index.php?rest_route=\/wp\/v2\/users\/1"}],"replies":[{"embeddable":true,"href":"https:\/\/shop.drot-szamar.hu\/index.php?rest_route=%2Fwp%2Fv2%2Fcomments&post=47"}],"version-history":[{"count":8,"href":"https:\/\/shop.drot-szamar.hu\/index.php?rest_route=\/wp\/v2\/pages\/47\/revisions"}],"predecessor-version":[{"id":554,"href":"https:\/\/shop.drot-szamar.hu\/index.php?rest_route=\/wp\/v2\/pages\/47\/revisions\/554"}],"wp:attachment":[{"href":"https:\/\/shop.drot-szamar.hu\/index.php?rest_route=%2Fwp%2Fv2%2Fmedia&parent=47"}],"curies":[{"name":"wp","href":"https:\/\/api.w.org\/{rel}","templated":true}]}}