{"id":705,"date":"2025-05-06T17:50:23","date_gmt":"2025-05-06T17:50:23","guid":{"rendered":"https:\/\/shop.drot-szamar.hu\/?post_type=product&#038;p=705"},"modified":"2025-06-03T15:39:02","modified_gmt":"2025-06-03T15:39:02","slug":"sencor-s21","status":"publish","type":"product","link":"https:\/\/shop.drot-szamar.hu\/?product=sencor-s21","title":{"rendered":"Sencor SCOOTER S21"},"content":{"rendered":"<h1><strong>\u00daj Sencor elektromos roller modell!!<\/strong><\/h1>\n<ul>\n<li>A motor teljes\u00edtm\u00e9nye: 250 W<\/li>\n<li>Maxim\u00e1lis sebess\u00e9g ak\u00e1r 25 km\/h<\/li>\n<li>Maxim\u00e1lisan megtehet\u0151 t\u00e1vols\u00e1g 20 km<\/li>\n<\/ul>\n<p>A <strong>Sencor SCOOTER S21<\/strong> egy modern \u00e9s st\u00edlusos elektromos roller, amely t\u00f6k\u00e9letes v\u00e1laszt\u00e1s a v\u00e1rosi k\u00f6zleked\u00e9shez. A <strong>250 W-os motor<\/strong> sim\u00e1n hozza a <strong>25 km\/h v\u00e9gsebess\u00e9get<\/strong>, mik\u00f6zben a k\u00fcl\u00f6nb\u00f6z\u0151 \u00fczemm\u00f3dok lehet\u0151v\u00e9 teszik, hogy az ig\u00e9nyeidhez igaz\u00edtsd a vezet\u00e9si \u00e9lm\u00e9nyt. A <strong>SPORT, DRIVE, ECO \u00e9s WALK m\u00f3dok<\/strong> seg\u00edts\u00e9g\u00e9vel mindig a megfelel\u0151 sebess\u00e9get v\u00e1laszthatod, a be\u00e9p\u00edtett <strong>tempomat<\/strong> pedig gondoskodik a k\u00e9nyelmesebb utaz\u00e1sr\u00f3l.<\/p>\n<p>A biztons\u00e1g sem marad el: a <strong>kett\u0151s f\u00e9krendszer<\/strong> \u2013 elektronikus \u00e9s mechanikus t\u00e1rcsaf\u00e9kekkel \u2013 gyors \u00e9s stabil meg\u00e1ll\u00e1st biztos\u00edt. A <strong>8,5 colos <span style=\"color: red; font-size: 20px;\">f\u00fajhat\u00f3 t\u00f6ml\u0151s kerekek<\/span><\/strong> kiv\u00e1l\u00f3 tapad\u00e1st \u00e9s stabilit\u00e1st adnak, m\u00e9g egyenetlen terepen is. Az <strong>ak\u00e1r 20 km-es hat\u00f3t\u00e1v<\/strong> ide\u00e1lis a napi ing\u00e1z\u00e1sra, a <strong>12\u00b0-os emelked\u0151ket<\/strong> pedig k\u00f6nnyed\u00e9n veszi.<\/p>\n<p>A <strong>modern LED-kijelz\u0151<\/strong> minden fontos adatot megmutat: sebess\u00e9g, akkumul\u00e1tor\u00e1llapot, vil\u00e1g\u00edt\u00e1si be\u00e1ll\u00edt\u00e1sok. Az <strong>els\u0151 \u00e9s h\u00e1ts\u00f3 LED vil\u00e1g\u00edt\u00e1s<\/strong>, valamint az <strong>ir\u00e1nyjelz\u0151k<\/strong> gondoskodnak a biztons\u00e1gos k\u00f6zleked\u00e9sr\u0151l, f\u0151leg este. A <strong>SENCOR HOME mobilalkalmaz\u00e1s<\/strong> r\u00e9v\u00e9n <strong>Bluetooth-on kereszt\u00fcl vez\u00e9relheted<\/strong> \u00e9s z\u00e1rolhatod a rollert, a <strong>5.0-s Bluetooth<\/strong> pedig gyors \u00e9s stabil kapcsolatot biztos\u00edt.<\/p>\n<p>Az <strong>187 Wh kapacit\u00e1s\u00fa, 36V-os Li-ion akkumul\u00e1tor<\/strong>mind\u00f6ssze <strong>4 \u00f3ra alatt teljesen felt\u00f6lthet\u0151<\/strong>, \u00e9s be\u00e9p\u00edtett v\u00e9delemmel rendelkezik r\u00f6vidz\u00e1rlat, t\u00falfesz\u00fclts\u00e9g, t\u00falt\u00f6lt\u00e9s \u00e9s t\u00falmeleged\u00e9s ellen. A praktikus <strong>t\u00f6lt\u0151adapter<\/strong> pedig <strong>100-240 V-os fesz\u00fclts\u00e9get<\/strong> is t\u00e1mogat.<\/p>\n<h4><strong>Technikai inform\u00e1ci\u00f3k:<\/strong><\/h4>\n<div class=\"overview-description\">\n<table style=\"height: 669px;\" width=\"878\">\n<tbody>\n<tr data-value=\"120 kg\">\n<td>Terhelhet\u0151s\u00e9g<\/td>\n<td>120 kg<\/td>\n<\/tr>\n<tr data-value=\"250 W\">\n<td>Motor teljes\u00edtm\u00e9ny (W)<\/td>\n<td>250 W<\/td>\n<\/tr>\n<tr data-value=\"25 km\/h\">\n<td>Maxim\u00e1lis sebess\u00e9g<\/td>\n<td>25 km\/h<\/td>\n<\/tr>\n<tr data-value=\"20 km\">\n<td>Maxim\u00e1lis hat\u00f3sug\u00e1r<\/td>\n<td>20 km<\/td>\n<\/tr>\n<tr data-value=\"4\">\n<td>T\u00f6lt\u00e9si id\u0151<\/td>\n<td>4<\/td>\n<\/tr>\n<tr data-value=\"5,2 Ah\">\n<td>Akkumul\u00e1tor-kapacit\u00e1s<\/td>\n<td>5,2 Ah<\/td>\n<\/tr>\n<tr data-value=\"Fekete\">\n<td>Sz\u00edn<\/td>\n<td>Fekete<\/td>\n<\/tr>\n<tr data-value=\"115 cm\">\n<td>Magass\u00e1g (cm)<\/td>\n<td>115 cm<\/td>\n<\/tr>\n<tr data-value=\"107 cm\">\n<td>Sz\u00e9less\u00e9g (cm)<\/td>\n<td>107 cm<\/td>\n<\/tr>\n<tr data-value=\"46 cm\">\n<td>M\u00e9lys\u00e9g (cm)<\/td>\n<td>46 cm<\/td>\n<\/tr>\n<tr data-value=\"12,5 kg\">\n<td>T\u00f6meg<\/td>\n<td>12,5 kg<\/td>\n<\/tr>\n<\/tbody>\n<\/table>\n<p>A motor teljes\u00edtm\u00e9nye: 250 W<br \/>\nMaxim\u00e1lis sebess\u00e9g ak\u00e1r 25 km\/h<br \/>\nMaxim\u00e1lisan megtehet\u0151 t\u00e1vols\u00e1g 20 km<br \/>\nA SENCOR HOME alkalmaz\u00e1s el\u00e9rhet\u0151 a Google Play \u00e9s az APP Store \u00e1ruh\u00e1zakban<br \/>\nEls\u0151 \u00e9s h\u00e1ts\u00f3 LED vil\u00e1g\u00edt\u00e1s<br \/>\nLED-kijelz\u0151 (\u00fczemm\u00f3d, sebess\u00e9g, akkumul\u00e1tor, vil\u00e1g\u00edt\u00e1s, bluetooth)<br \/>\nIr\u00e1nyjelz\u0151 l\u00e1mp\u00e1k a kanyarod\u00e1s jelz\u00e9s\u00e9re<\/p>\n<p>Meghajt\u00e1s<br \/>\nA motor teljes\u00edtm\u00e9nye: 250 W<br \/>\nSebess\u00e9g:<br \/>\n&#8211; SPORT \u00fczemm\u00f3d, max. 25 km\/h<br \/>\n&#8211; DRIVE \u00fczemm\u00f3d, max. 20 km\/h<br \/>\n&#8211; ECO \u00fczemm\u00f3d, max. 10 km\/h<br \/>\n&#8211; WALK \u00fczemm\u00f3d, max. 6 km\/h<br \/>\nMaxim\u00e1lisan megtehet\u0151 t\u00e1vols\u00e1g ak\u00e1r 20 km 70 kg s\u00faly eset\u00e9n<br \/>\nTempomat<br \/>\nMax. emelked\u0151 sz\u00f6ge 12\u00b0<br \/>\nKerekek<br \/>\n8,5 colos el\u00fcls\u0151 \u00e9s h\u00e1ts\u00f3 t\u00f6ml\u0151s abroncsok<br \/>\nKett\u0151s f\u00e9krendszer \u2013 elektronikus \u00e9s mechanikus<br \/>\nT\u00e1rcsaf\u00e9kek<br \/>\nSENCOR HOME alkalmaz\u00e1s<br \/>\nEl\u00e9rhet\u0151 az Apple App Store-ban \u00e9s a Google Play-en<br \/>\nA roller z\u00e1rol\u00e1sa alkalmaz\u00e1s seg\u00edts\u00e9g\u00e9vel<br \/>\nBluetooth 5.0<br \/>\nM\u0171szaki param\u00e9terek<br \/>\nMaxim\u00e1lis teherb\u00edr\u00e1s 120 kg<br \/>\nM\u00e9retek: 107 x 49 x 115 cm (sz\u00e9tnyitva)<br \/>\nM\u00e9retek: 107 \u00d7 49 \u00d7 47 cm (\u00f6sszecsukva)<br \/>\nS\u00faly: 12,5 kg<br \/>\n\u00dczemi h\u0151m\u00e9rs\u00e9klet: 0-40 \u00b0C<br \/>\nT\u00e1rol\u00e1si h\u0151m\u00e9rs\u00e9klet: 0-45 \u00b0 C<br \/>\nZajszint &lt;70 dB(A)<\/p>\n<p>Adapter<br \/>\nBemeneti fesz\u00fclts\u00e9g: 100-240 V AC 50\/60 Hz<br \/>\nBemeneti \u00e1ram: 1,5 A<br \/>\nKimeneti fesz\u00fclts\u00e9g: 42 V<br \/>\nCsatlakoz\u00f3: \u03a6 5,5 x 10 mm<\/p>\n<p>Akkumul\u00e1tor<br \/>\nKapacit\u00e1s: 187 Wh \u2013 5,2 Ah\/36 V Li-ion<br \/>\nT\u00f6lt\u00e9si id\u0151: max. 4 \u00f3ra<br \/>\nV\u00e9delem r\u00f6vidz\u00e1rlat, t\u00falfesz\u00fclts\u00e9g, t\u00falt\u00f6lt\u00e9s, t\u00falmeleged\u00e9s ellen<br \/>\nAkkumul\u00e1torv\u00e9delem a t\u00falzott kis\u00fcl\u00e9s ellen<\/p>\n<\/div>\n","protected":false},"excerpt":{"rendered":"<p>\u00daj Sencor elektromos roller modell!! A motor teljes\u00edtm\u00e9nye: 250 W Maxim\u00e1lis sebess\u00e9g ak\u00e1r 25 km\/h Maxim\u00e1lisan megtehet\u0151 t\u00e1vols\u00e1g 20 km A Sencor SCOOTER S21 egy modern \u00e9s st\u00edlusos elektromos roller, amely t\u00f6k\u00e9letes v\u00e1laszt\u00e1s a v\u00e1rosi k\u00f6zleked\u00e9shez. A 250 W-os motor sim\u00e1n hozza a 25 km\/h v\u00e9gsebess\u00e9get, mik\u00f6zben a k\u00fcl\u00f6nb\u00f6z\u0151 \u00fczemm\u00f3dok lehet\u0151v\u00e9 teszik, hogy az ig\u00e9nyeidhez [&hellip;]<\/p>\n","protected":false},"featured_media":718,"comment_status":"closed","ping_status":"closed","template":"","meta":[],"product_brand":[59],"product_cat":[51],"product_tag":[],"class_list":{"0":"post-705","1":"product","2":"type-product","3":"status-publish","4":"has-post-thumbnail","6":"product_brand-sencor","7":"product_cat-rollerek","8":"product_shipping_class-2500-ft","10":"first","11":"instock","12":"taxable","13":"shipping-taxable","14":"purchasable","15":"product-type-simple"},"yoast_head":"<!-- This site is optimized with the Yoast SEO Premium plugin v22.1 (Yoast SEO v27.4) - https:\/\/yoast.com\/product\/yoast-seo-premium-wordpress\/ -->\n<title>Sencor SCOOTER S21 - Dr\u00f3t-Szam\u00e1r Shop<\/title>\n<meta name=\"description\" content=\"\u00daj Sencor elektromos roller modell!! A Sencor SCOOTER S21 egy modern \u00e9s st\u00edlusos elektromos roller, amely t\u00f6k\u00e9letes v\u00e1laszt\u00e1s a v\u00e1rosi k\u00f6zleked\u00e9shez. A 250 W-os motor sim\u00e1n hozza a 25 km\/h v\u00e9gsebess\u00e9get, mik\u00f6zben a k\u00fcl\u00f6nb\u00f6z\u0151 \u00fczemm\u00f3dok lehet\u0151v\u00e9 teszik, hogy az ig\u00e9nyeidhez igaz\u00edtsd a vezet\u00e9si \u00e9lm\u00e9nyt. A SPORT, DRIVE, ECO \u00e9s WALK m\u00f3dok seg\u00edts\u00e9g\u00e9vel mindig a megfelel\u0151 sebess\u00e9get v\u00e1laszthatod, a be\u00e9p\u00edtett tempomat pedig gondoskodik a k\u00e9nyelmesebb utaz\u00e1sr\u00f3l.\" \/>\n<meta name=\"robots\" content=\"index, follow, max-snippet:-1, max-image-preview:large, max-video-preview:-1\" \/>\n<link rel=\"canonical\" href=\"https:\/\/shop.drot-szamar.hu\/?product=sencor-s21\" \/>\n<meta property=\"og:locale\" content=\"hu_HU\" \/>\n<meta property=\"og:type\" content=\"article\" \/>\n<meta property=\"og:title\" content=\"Sencor SCOOTER S21\" \/>\n<meta property=\"og:description\" content=\"\u00daj Sencor elektromos roller modell!! A Sencor SCOOTER S21 egy modern \u00e9s st\u00edlusos elektromos roller, amely t\u00f6k\u00e9letes v\u00e1laszt\u00e1s a v\u00e1rosi k\u00f6zleked\u00e9shez. A 250 W-os motor sim\u00e1n hozza a 25 km\/h v\u00e9gsebess\u00e9get, mik\u00f6zben a k\u00fcl\u00f6nb\u00f6z\u0151 \u00fczemm\u00f3dok lehet\u0151v\u00e9 teszik, hogy az ig\u00e9nyeidhez igaz\u00edtsd a vezet\u00e9si \u00e9lm\u00e9nyt. A SPORT, DRIVE, ECO \u00e9s WALK m\u00f3dok seg\u00edts\u00e9g\u00e9vel mindig a megfelel\u0151 sebess\u00e9get v\u00e1laszthatod, a be\u00e9p\u00edtett tempomat pedig gondoskodik a k\u00e9nyelmesebb utaz\u00e1sr\u00f3l.\" \/>\n<meta property=\"og:url\" content=\"https:\/\/shop.drot-szamar.hu\/?product=sencor-s21\" \/>\n<meta property=\"og:site_name\" content=\"Dr\u00f3t-Szam\u00e1r Shop\" \/>\n<meta property=\"article:modified_time\" content=\"2025-06-03T15:39:02+00:00\" \/>\n<meta property=\"og:image\" content=\"https:\/\/shop.drot-szamar.hu\/wp-content\/uploads\/2025\/05\/68000137.jpg\" \/>\n\t<meta property=\"og:image:width\" content=\"1288\" \/>\n\t<meta property=\"og:image:height\" content=\"2008\" \/>\n\t<meta property=\"og:image:type\" content=\"image\/jpeg\" \/>\n<meta name=\"twitter:card\" content=\"summary_large_image\" \/>\n<meta name=\"twitter:label1\" content=\"\u00c1r\" \/>\n\t<meta name=\"twitter:data1\" content=\"83990&nbsp;&#070;&#116;\" \/>\n\t<meta name=\"twitter:label2\" content=\"El\u00e9rhet\u0151s\u00e9g\" \/>\n\t<meta name=\"twitter:data2\" content=\"K\u00e9szleten\" \/>\n<script type=\"application\/ld+json\" class=\"yoast-schema-graph\">{\"@context\":\"https:\\\/\\\/schema.org\",\"@graph\":[{\"@type\":\"WebPage\",\"@id\":\"https:\\\/\\\/shop.drot-szamar.hu\\\/?product=sencor-s21\",\"url\":\"https:\\\/\\\/shop.drot-szamar.hu\\\/?product=sencor-s21\",\"name\":\"Sencor SCOOTER S21 - Dr\u00f3t-Szam\u00e1r Shop\",\"isPartOf\":{\"@id\":\"https:\\\/\\\/shop.drot-szamar.hu\\\/#website\"},\"primaryImageOfPage\":{\"@id\":\"https:\\\/\\\/shop.drot-szamar.hu\\\/?product=sencor-s21#primaryimage\"},\"image\":{\"@id\":\"https:\\\/\\\/shop.drot-szamar.hu\\\/?product=sencor-s21#primaryimage\"},\"thumbnailUrl\":\"https:\\\/\\\/shop.drot-szamar.hu\\\/wp-content\\\/uploads\\\/2025\\\/05\\\/68000137.jpg\",\"datePublished\":\"2025-05-06T17:50:23+00:00\",\"dateModified\":\"2025-06-03T15:39:02+00:00\",\"description\":\"\u00daj Sencor elektromos roller modell!! A Sencor SCOOTER S21 egy modern \u00e9s st\u00edlusos elektromos roller, amely t\u00f6k\u00e9letes v\u00e1laszt\u00e1s a v\u00e1rosi k\u00f6zleked\u00e9shez. A 250 W-os motor sim\u00e1n hozza a 25 km\\\/h v\u00e9gsebess\u00e9get, mik\u00f6zben a k\u00fcl\u00f6nb\u00f6z\u0151 \u00fczemm\u00f3dok lehet\u0151v\u00e9 teszik, hogy az ig\u00e9nyeidhez igaz\u00edtsd a vezet\u00e9si \u00e9lm\u00e9nyt. A SPORT, DRIVE, ECO \u00e9s WALK m\u00f3dok seg\u00edts\u00e9g\u00e9vel mindig a megfelel\u0151 sebess\u00e9get v\u00e1laszthatod, a be\u00e9p\u00edtett tempomat pedig gondoskodik a k\u00e9nyelmesebb utaz\u00e1sr\u00f3l.\",\"breadcrumb\":{\"@id\":\"https:\\\/\\\/shop.drot-szamar.hu\\\/?product=sencor-s21#breadcrumb\"},\"inLanguage\":\"hu\",\"potentialAction\":[{\"@type\":\"ReadAction\",\"target\":[\"https:\\\/\\\/shop.drot-szamar.hu\\\/?product=sencor-s21\"]}]},{\"@type\":\"ImageObject\",\"inLanguage\":\"hu\",\"@id\":\"https:\\\/\\\/shop.drot-szamar.hu\\\/?product=sencor-s21#primaryimage\",\"url\":\"https:\\\/\\\/shop.drot-szamar.hu\\\/wp-content\\\/uploads\\\/2025\\\/05\\\/68000137.jpg\",\"contentUrl\":\"https:\\\/\\\/shop.drot-szamar.hu\\\/wp-content\\\/uploads\\\/2025\\\/05\\\/68000137.jpg\",\"width\":1288,\"height\":2008},{\"@type\":\"BreadcrumbList\",\"@id\":\"https:\\\/\\\/shop.drot-szamar.hu\\\/?product=sencor-s21#breadcrumb\",\"itemListElement\":[{\"@type\":\"ListItem\",\"position\":1,\"name\":\"Home\",\"item\":\"https:\\\/\\\/shop.drot-szamar.hu\\\/\"},{\"@type\":\"ListItem\",\"position\":2,\"name\":\"Dr\u00f3t-szam\u00e1r Web\u00e1ruh\u00e1z\",\"item\":\"https:\\\/\\\/shop.drot-szamar.hu\\\/\"},{\"@type\":\"ListItem\",\"position\":3,\"name\":\"Sencor SCOOTER S21\"}]},{\"@type\":\"WebSite\",\"@id\":\"https:\\\/\\\/shop.drot-szamar.hu\\\/#website\",\"url\":\"https:\\\/\\\/shop.drot-szamar.hu\\\/\",\"name\":\"Dr\u00f3t-Szam\u00e1r Shop\",\"description\":\"Bring\u00e1k, elektromos \u00e9s hagyom\u00e1nyos rollerek, kieg\u00e9sz\u00edt\u0151k\",\"publisher\":{\"@id\":\"https:\\\/\\\/shop.drot-szamar.hu\\\/#organization\"},\"potentialAction\":[{\"@type\":\"SearchAction\",\"target\":{\"@type\":\"EntryPoint\",\"urlTemplate\":\"https:\\\/\\\/shop.drot-szamar.hu\\\/?s={search_term_string}\"},\"query-input\":{\"@type\":\"PropertyValueSpecification\",\"valueRequired\":true,\"valueName\":\"search_term_string\"}}],\"inLanguage\":\"hu\"},{\"@type\":\"Organization\",\"@id\":\"https:\\\/\\\/shop.drot-szamar.hu\\\/#organization\",\"name\":\"Dr\u00f3t-Szam\u00e1r Shop\",\"url\":\"https:\\\/\\\/shop.drot-szamar.hu\\\/\",\"logo\":{\"@type\":\"ImageObject\",\"inLanguage\":\"hu\",\"@id\":\"https:\\\/\\\/shop.drot-szamar.hu\\\/#\\\/schema\\\/logo\\\/image\\\/\",\"url\":\"https:\\\/\\\/shop.drot-szamar.hu\\\/wp-content\\\/uploads\\\/2021\\\/03\\\/cropped-logo-small-1.png\",\"contentUrl\":\"https:\\\/\\\/shop.drot-szamar.hu\\\/wp-content\\\/uploads\\\/2021\\\/03\\\/cropped-logo-small-1.png\",\"width\":200,\"height\":184,\"caption\":\"Dr\u00f3t-Szam\u00e1r Shop\"},\"image\":{\"@id\":\"https:\\\/\\\/shop.drot-szamar.hu\\\/#\\\/schema\\\/logo\\\/image\\\/\"}}]}<\/script>\n<meta property=\"product:price:amount\" content=\"83990\" \/>\n<meta property=\"product:price:currency\" content=\"HUF\" \/>\n<meta property=\"og:availability\" content=\"instock\" \/>\n<meta property=\"product:availability\" content=\"instock\" \/>\n<meta property=\"product:condition\" content=\"new\" \/>\n<!-- \/ Yoast SEO Premium plugin. -->","yoast_head_json":{"title":"Sencor SCOOTER S21 - Dr\u00f3t-Szam\u00e1r Shop","description":"\u00daj Sencor elektromos roller modell!! A Sencor SCOOTER S21 egy modern \u00e9s st\u00edlusos elektromos roller, amely t\u00f6k\u00e9letes v\u00e1laszt\u00e1s a v\u00e1rosi k\u00f6zleked\u00e9shez. A 250 W-os motor sim\u00e1n hozza a 25 km\/h v\u00e9gsebess\u00e9get, mik\u00f6zben a k\u00fcl\u00f6nb\u00f6z\u0151 \u00fczemm\u00f3dok lehet\u0151v\u00e9 teszik, hogy az ig\u00e9nyeidhez igaz\u00edtsd a vezet\u00e9si \u00e9lm\u00e9nyt. A SPORT, DRIVE, ECO \u00e9s WALK m\u00f3dok seg\u00edts\u00e9g\u00e9vel mindig a megfelel\u0151 sebess\u00e9get v\u00e1laszthatod, a be\u00e9p\u00edtett tempomat pedig gondoskodik a k\u00e9nyelmesebb utaz\u00e1sr\u00f3l.","robots":{"index":"index","follow":"follow","max-snippet":"max-snippet:-1","max-image-preview":"max-image-preview:large","max-video-preview":"max-video-preview:-1"},"canonical":"https:\/\/shop.drot-szamar.hu\/?product=sencor-s21","og_locale":"hu_HU","og_type":"article","og_title":"Sencor SCOOTER S21","og_description":"\u00daj Sencor elektromos roller modell!! A Sencor SCOOTER S21 egy modern \u00e9s st\u00edlusos elektromos roller, amely t\u00f6k\u00e9letes v\u00e1laszt\u00e1s a v\u00e1rosi k\u00f6zleked\u00e9shez. A 250 W-os motor sim\u00e1n hozza a 25 km\/h v\u00e9gsebess\u00e9get, mik\u00f6zben a k\u00fcl\u00f6nb\u00f6z\u0151 \u00fczemm\u00f3dok lehet\u0151v\u00e9 teszik, hogy az ig\u00e9nyeidhez igaz\u00edtsd a vezet\u00e9si \u00e9lm\u00e9nyt. A SPORT, DRIVE, ECO \u00e9s WALK m\u00f3dok seg\u00edts\u00e9g\u00e9vel mindig a megfelel\u0151 sebess\u00e9get v\u00e1laszthatod, a be\u00e9p\u00edtett tempomat pedig gondoskodik a k\u00e9nyelmesebb utaz\u00e1sr\u00f3l.","og_url":"https:\/\/shop.drot-szamar.hu\/?product=sencor-s21","og_site_name":"Dr\u00f3t-Szam\u00e1r Shop","article_modified_time":"2025-06-03T15:39:02+00:00","og_image":[{"width":1288,"height":2008,"url":"https:\/\/shop.drot-szamar.hu\/wp-content\/uploads\/2025\/05\/68000137.jpg","type":"image\/jpeg"}],"twitter_card":"summary_large_image","twitter_misc":{"\u00c1r":"83990&nbsp;&#70;&#116;","El\u00e9rhet\u0151s\u00e9g":"K\u00e9szleten"},"schema":{"@context":"https:\/\/schema.org","@graph":[{"@type":"WebPage","@id":"https:\/\/shop.drot-szamar.hu\/?product=sencor-s21","url":"https:\/\/shop.drot-szamar.hu\/?product=sencor-s21","name":"Sencor SCOOTER S21 - Dr\u00f3t-Szam\u00e1r Shop","isPartOf":{"@id":"https:\/\/shop.drot-szamar.hu\/#website"},"primaryImageOfPage":{"@id":"https:\/\/shop.drot-szamar.hu\/?product=sencor-s21#primaryimage"},"image":{"@id":"https:\/\/shop.drot-szamar.hu\/?product=sencor-s21#primaryimage"},"thumbnailUrl":"https:\/\/shop.drot-szamar.hu\/wp-content\/uploads\/2025\/05\/68000137.jpg","datePublished":"2025-05-06T17:50:23+00:00","dateModified":"2025-06-03T15:39:02+00:00","description":"\u00daj Sencor elektromos roller modell!! A Sencor SCOOTER S21 egy modern \u00e9s st\u00edlusos elektromos roller, amely t\u00f6k\u00e9letes v\u00e1laszt\u00e1s a v\u00e1rosi k\u00f6zleked\u00e9shez. A 250 W-os motor sim\u00e1n hozza a 25 km\/h v\u00e9gsebess\u00e9get, mik\u00f6zben a k\u00fcl\u00f6nb\u00f6z\u0151 \u00fczemm\u00f3dok lehet\u0151v\u00e9 teszik, hogy az ig\u00e9nyeidhez igaz\u00edtsd a vezet\u00e9si \u00e9lm\u00e9nyt. A SPORT, DRIVE, ECO \u00e9s WALK m\u00f3dok seg\u00edts\u00e9g\u00e9vel mindig a megfelel\u0151 sebess\u00e9get v\u00e1laszthatod, a be\u00e9p\u00edtett tempomat pedig gondoskodik a k\u00e9nyelmesebb utaz\u00e1sr\u00f3l.","breadcrumb":{"@id":"https:\/\/shop.drot-szamar.hu\/?product=sencor-s21#breadcrumb"},"inLanguage":"hu","potentialAction":[{"@type":"ReadAction","target":["https:\/\/shop.drot-szamar.hu\/?product=sencor-s21"]}]},{"@type":"ImageObject","inLanguage":"hu","@id":"https:\/\/shop.drot-szamar.hu\/?product=sencor-s21#primaryimage","url":"https:\/\/shop.drot-szamar.hu\/wp-content\/uploads\/2025\/05\/68000137.jpg","contentUrl":"https:\/\/shop.drot-szamar.hu\/wp-content\/uploads\/2025\/05\/68000137.jpg","width":1288,"height":2008},{"@type":"BreadcrumbList","@id":"https:\/\/shop.drot-szamar.hu\/?product=sencor-s21#breadcrumb","itemListElement":[{"@type":"ListItem","position":1,"name":"Home","item":"https:\/\/shop.drot-szamar.hu\/"},{"@type":"ListItem","position":2,"name":"Dr\u00f3t-szam\u00e1r Web\u00e1ruh\u00e1z","item":"https:\/\/shop.drot-szamar.hu\/"},{"@type":"ListItem","position":3,"name":"Sencor SCOOTER S21"}]},{"@type":"WebSite","@id":"https:\/\/shop.drot-szamar.hu\/#website","url":"https:\/\/shop.drot-szamar.hu\/","name":"Dr\u00f3t-Szam\u00e1r Shop","description":"Bring\u00e1k, elektromos \u00e9s hagyom\u00e1nyos rollerek, kieg\u00e9sz\u00edt\u0151k","publisher":{"@id":"https:\/\/shop.drot-szamar.hu\/#organization"},"potentialAction":[{"@type":"SearchAction","target":{"@type":"EntryPoint","urlTemplate":"https:\/\/shop.drot-szamar.hu\/?s={search_term_string}"},"query-input":{"@type":"PropertyValueSpecification","valueRequired":true,"valueName":"search_term_string"}}],"inLanguage":"hu"},{"@type":"Organization","@id":"https:\/\/shop.drot-szamar.hu\/#organization","name":"Dr\u00f3t-Szam\u00e1r Shop","url":"https:\/\/shop.drot-szamar.hu\/","logo":{"@type":"ImageObject","inLanguage":"hu","@id":"https:\/\/shop.drot-szamar.hu\/#\/schema\/logo\/image\/","url":"https:\/\/shop.drot-szamar.hu\/wp-content\/uploads\/2021\/03\/cropped-logo-small-1.png","contentUrl":"https:\/\/shop.drot-szamar.hu\/wp-content\/uploads\/2021\/03\/cropped-logo-small-1.png","width":200,"height":184,"caption":"Dr\u00f3t-Szam\u00e1r Shop"},"image":{"@id":"https:\/\/shop.drot-szamar.hu\/#\/schema\/logo\/image\/"}}]},"product_price_amount":"83990","product_price_currency":"HUF","og_availability":"instock","product_availability":"instock","product_condition":"new"},"_links":{"self":[{"href":"https:\/\/shop.drot-szamar.hu\/index.php?rest_route=\/wp\/v2\/product\/705","targetHints":{"allow":["GET"]}}],"collection":[{"href":"https:\/\/shop.drot-szamar.hu\/index.php?rest_route=\/wp\/v2\/product"}],"about":[{"href":"https:\/\/shop.drot-szamar.hu\/index.php?rest_route=\/wp\/v2\/types\/product"}],"replies":[{"embeddable":true,"href":"https:\/\/shop.drot-szamar.hu\/index.php?rest_route=%2Fwp%2Fv2%2Fcomments&post=705"}],"wp:featuredmedia":[{"embeddable":true,"href":"https:\/\/shop.drot-szamar.hu\/index.php?rest_route=\/wp\/v2\/media\/718"}],"wp:attachment":[{"href":"https:\/\/shop.drot-szamar.hu\/index.php?rest_route=%2Fwp%2Fv2%2Fmedia&parent=705"}],"wp:term":[{"taxonomy":"product_brand","embeddable":true,"href":"https:\/\/shop.drot-szamar.hu\/index.php?rest_route=%2Fwp%2Fv2%2Fproduct_brand&post=705"},{"taxonomy":"product_cat","embeddable":true,"href":"https:\/\/shop.drot-szamar.hu\/index.php?rest_route=%2Fwp%2Fv2%2Fproduct_cat&post=705"},{"taxonomy":"product_tag","embeddable":true,"href":"https:\/\/shop.drot-szamar.hu\/index.php?rest_route=%2Fwp%2Fv2%2Fproduct_tag&post=705"}],"curies":[{"name":"wp","href":"https:\/\/api.w.org\/{rel}","templated":true}]}}