{"id":753,"date":"2025-06-14T08:19:41","date_gmt":"2025-06-14T08:19:41","guid":{"rendered":"https:\/\/shop.drot-szamar.hu\/?post_type=product&#038;p=753"},"modified":"2025-06-14T08:31:25","modified_gmt":"2025-06-14T08:31:25","slug":"sencor-scooter-x30","status":"publish","type":"product","link":"https:\/\/shop.drot-szamar.hu\/?product=sencor-scooter-x30","title":{"rendered":"Sencor SCOOTER X30"},"content":{"rendered":"<h4 data-end=\"207\" data-start=\"143\">ER\u0150TELJES, INTELLIGENS \u00c9S MINDENRE K\u00c9SZ<\/h4>\n<p data-end=\"531\" data-start=\"209\">Ha igaz\u00e1n er\u0151s \u00e9s k\u00e9nyelmes elektromos rollert keresel, a <strong data-end=\"289\" data-start=\"267\">Sencor Scooter X30<\/strong> a t\u00f6k\u00e9letes v\u00e1laszt\u00e1s. A <strong data-end=\"333\" data-start=\"315\">500 W-os motor<\/strong> ak\u00e1r <strong data-end=\"350\" data-start=\"339\">25 km\/h<\/strong>, <em data-end=\"370\" data-start=\"352\">s\u0151t ak\u00e1r 35 km\/h<\/em>\u00a0maxim\u00e1lis sebess\u00e9gre is k\u00e9pes. Egyetlen t\u00f6lt\u00e9ssel <strong data-end=\"435\" data-start=\"421\">ak\u00e1r 45 km<\/strong>-t is megtehetsz, \u00edgy v\u00e1rosn\u00e9z\u00e9shez, munk\u00e1ba j\u00e1r\u00e1shoz vagy kir\u00e1ndul\u00e1sokhoz is ide\u00e1lis t\u00e1rs lesz.<\/p>\n<h4 data-end=\"579\" data-start=\"538\">STABIL ALUM\u00cdNIUM V\u00c1Z \u00c9S DUPLA RUG\u00d3Z\u00c1S<\/h4>\n<p data-end=\"905\" data-start=\"581\">A <strong data-end=\"614\" data-start=\"583\">massz\u00edv alum\u00ednium szerkezet<\/strong>strapab\u00edr\u00f3 \u00e9s m\u00e9gis k\u00f6nny\u0171, \u00edgy hosszabb t\u00e1von is k\u00e9nyelmes marad. Az <strong data-end=\"717\" data-start=\"685\">els\u0151 \u00e9s h\u00e1ts\u00f3 ker\u00e9k rug\u00f3z\u00e1sa<\/strong> sim\u00e1bb halad\u00e1st biztos\u00edt ak\u00e1r rosszabb min\u0151s\u00e9g\u0171 utakon is, a <strong data-end=\"811\" data-start=\"779\">10 colos t\u00f6ml\u0151 n\u00e9lk\u00fcli gumik<\/strong> pedig cs\u00f6kkentik a defekt es\u00e9ly\u00e9t. A <strong data-end=\"861\" data-start=\"849\">g\u00e9lr\u00e9teg<\/strong>extra v\u00e9delmet ny\u00fajt az abroncshib\u00e1k ellen.<\/p>\n<h4 data-end=\"943\" data-start=\"912\">TELJES IR\u00c1NY\u00cdT\u00c1S A KEZEDBEN<\/h4>\n<p data-end=\"1316\" data-start=\"945\">A <strong data-end=\"973\" data-start=\"947\">SENCOR HOME applik\u00e1ci\u00f3<\/strong> seg\u00edts\u00e9g\u00e9vel teljesen testre szabhatod a rollered m\u0171k\u00f6d\u00e9s\u00e9t. Bluetooth 5.0 kapcsolaton kereszt\u00fcl lek\u00e9rdezheted az <strong data-end=\"1139\" data-start=\"1088\">akku\u00e1llapotot, sebess\u00e9get, megtehet\u0151 t\u00e1vols\u00e1got<\/strong>, s\u0151t, a rollert <strong data-end=\"1185\" data-start=\"1156\">z\u00e1rolhatod is lop\u00e1s ellen<\/strong>. A <strong data-end=\"1205\" data-start=\"1189\">LED-kijelz\u0151n<\/strong> minden inform\u00e1ci\u00f3t val\u00f3s id\u0151ben l\u00e1tsz: aktu\u00e1lis sebess\u00e9g, \u00fczemm\u00f3d, t\u00f6lt\u00f6tts\u00e9g, vil\u00e1g\u00edt\u00e1s \u00e9s Bluetooth-\u00e1llapot.<\/p>\n<h4 data-end=\"1356\" data-start=\"1323\">KIEMELT BIZTONS\u00c1G \u00c9S K\u00c9NYELEM<\/h4>\n<p data-end=\"1680\" data-start=\"1358\">A <strong data-end=\"1381\" data-start=\"1360\">dupla f\u00e9krendszer<\/strong>, azaz az <strong data-end=\"1414\" data-start=\"1391\">elektromos motorf\u00e9k<\/strong> \u00e9s a <strong data-end=\"1446\" data-start=\"1420\">mechanikus t\u00e1rcsaf\u00e9kek<\/strong>garant\u00e1lj\u00e1k, hogy mindig biztons\u00e1gosan meg\u00e1llhatsz. A <strong data-end=\"1526\" data-start=\"1501\">be\u00e9p\u00edtett ir\u00e1nyjelz\u0151k<\/strong> a kanyarod\u00e1s jelz\u00e9s\u00e9ben seg\u00edtenek, \u00edgy k\u00f6zleked\u00e9sed m\u00e9g biztons\u00e1gosabb lesz. Az <strong data-end=\"1619\" data-start=\"1607\">USB-port<\/strong> pedig lehet\u0151v\u00e9 teszi, hogy \u00fatk\u00f6zben is t\u00f6lthesd a telefonod.<\/p>\n<h4 data-end=\"1737\" data-start=\"1687\">N\u00c9GYF\u00c9LE \u00dcZEMM\u00d3D, HOGY MINDIG HOZZ\u00c1D IGAZODJON<\/h4>\n<ul data-end=\"1867\" data-start=\"1739\">\n<li data-end=\"1791\" data-start=\"1739\">\n<p data-end=\"1791\" data-start=\"1741\"><strong data-end=\"1750\" data-start=\"1741\">SPORT<\/strong> \u2013 ak\u00e1r <strong data-end=\"1769\" data-start=\"1758\">25 km\/h<\/strong><\/p>\n<\/li>\n<li data-end=\"1817\" data-start=\"1792\">\n<p data-end=\"1817\" data-start=\"1794\"><strong data-end=\"1801\" data-start=\"1794\">STD<\/strong> \u2013 <strong data-end=\"1815\" data-start=\"1804\">20 km\/h<\/strong><\/p>\n<\/li>\n<li data-end=\"1843\" data-start=\"1818\">\n<p data-end=\"1843\" data-start=\"1820\"><strong data-end=\"1827\" data-start=\"1820\">ECO<\/strong> \u2013 <strong data-end=\"1841\" data-start=\"1830\">10 km\/h<\/strong><\/p>\n<\/li>\n<li data-end=\"1867\" data-start=\"1844\">\n<p data-end=\"1867\" data-start=\"1846\"><strong data-end=\"1854\" data-start=\"1846\">WALK<\/strong> \u2013 <strong data-end=\"1867\" data-start=\"1857\">6 km\/h<\/strong><\/p>\n<\/li>\n<\/ul>\n<p data-end=\"1973\" data-start=\"1869\">A <strong data-end=\"1883\" data-start=\"1871\">tempomat<\/strong> funkci\u00f3 automatikusan tartja a be\u00e1ll\u00edtott sebess\u00e9get, hogy Te a vezet\u00e9sre koncentr\u00e1lhass.<\/p>\n<div><\/div>\n<h4>M\u0170SZAKI PARAM\u00c9TEREK:<\/h4>\n<div>Maxim\u00e1lis teherb\u00edr\u00e1s 120 kg<br \/>\nM\u00e9retek: 119 x 64 x 129 cm (sz\u00e9tnyitva)<br \/>\nM\u00e9retek: 119 \u00d7 64 \u00d7 56 cm (\u00f6sszecsukva)<br \/>\nS\u00faly: 22 kg<br \/>\n\u00dczemi h\u0151m\u00e9rs\u00e9klet: 0-40 \u00b0C<br \/>\nT\u00e1rol\u00e1si h\u0151m\u00e9rs\u00e9klet: 0-45 \u00b0C<br \/>\nZajszint &lt;70 dB(A)<\/div>\n<h4>ADAPTER:<\/h4>\n<ul>\n<li>Bemeneti fesz\u00fclts\u00e9g: 100-240 V AC 50\/60 Hz<\/li>\n<li>Bemeneti \u00e1ram: 2 A<\/li>\n<li>Kimeneti fesz\u00fclts\u00e9g: 54,6 V<\/li>\n<li>Csatlakoz\u00f3: \u00a0\u03a6 12,3 x 10 mm<\/li>\n<\/ul>\n<h4>AKKUMUL\u00c1TOR:<\/h4>\n<ul>\n<li>Kapacit\u00e1s: 600 Wh \u2013 12,5 Ah\/48 V Li-ion<\/li>\n<li>T\u00f6lt\u00e9si id\u0151: max. 7 \u00f3ra<\/li>\n<li>V\u00e9delem r\u00f6vidz\u00e1rlat, t\u00falfesz\u00fclts\u00e9g, t\u00falt\u00f6lt\u00e9s, t\u00falmeleged\u00e9s ellen<\/li>\n<li>Akkumul\u00e1torv\u00e9delem a t\u00falzott kis\u00fcl\u00e9s ellen<\/li>\n<\/ul>\n<h3>M\u0170SZAKI PARAM\u00c9TEREK<\/h3>\n<table>\n<tbody>\n<tr data-value=\"120 kg\">\n<td>Terhelhet\u0151s\u00e9g<\/td>\n<td>120 kg<\/td>\n<\/tr>\n<tr data-value=\"500 W\">\n<td>Motor teljes\u00edtm\u00e9ny (W)<\/td>\n<td>500 W<\/td>\n<\/tr>\n<tr data-value=\"25 km\/h\">\n<td>Maxim\u00e1lis sebess\u00e9g<\/td>\n<td>25 km\/h<\/td>\n<\/tr>\n<tr data-value=\"45 km\">\n<td>Maxim\u00e1lis hat\u00f3sug\u00e1r<\/td>\n<td>45 km<\/td>\n<\/tr>\n<tr data-value=\"7\">\n<td>T\u00f6lt\u00e9si id\u0151<\/td>\n<td>7<\/td>\n<\/tr>\n<tr data-value=\"12,5 Ah\">\n<td>Akkumul\u00e1tor-kapacit\u00e1s<\/td>\n<td>12,5 Ah<\/td>\n<\/tr>\n<tr data-value=\"Fekete\">\n<td>Sz\u00edn<\/td>\n<td>Fekete<\/td>\n<\/tr>\n<tr data-value=\"129 cm\">\n<td>Magass\u00e1g (cm)<\/td>\n<td>129 cm<\/td>\n<\/tr>\n<tr data-value=\"119 cm\">\n<td>Sz\u00e9less\u00e9g (cm)<\/td>\n<td>119 cm<\/td>\n<\/tr>\n<tr data-value=\"64 cm\">\n<td>M\u00e9lys\u00e9g (cm)<\/td>\n<td>64 cm<\/td>\n<\/tr>\n<\/tbody>\n<\/table>\n","protected":false},"excerpt":{"rendered":"<p><span style=\"color: #800000;\"><strong>2+1 \u00e9v garancia<\/strong><\/span><\/p>\n<ul>\n<li>A motor teljes\u00edtm\u00e9nye: 500 W<\/li>\n<li>Maxim\u00e1lis sebess\u00e9g ak\u00e1r 25 km\/h (*ak\u00e1r 35 km\/h)<\/li>\n<li>Maxim\u00e1lisan megtehet\u0151 t\u00e1vols\u00e1g 45 km<\/li>\n<li>Az els\u0151 \u00e9s h\u00e1ts\u00f3 ker\u00e9k rug\u00f3z\u00e1sa<\/li>\n<li>SENCOR SCOOTER alkalmaz\u00e1s<\/li>\n<\/ul>\n","protected":false},"featured_media":763,"comment_status":"closed","ping_status":"closed","template":"","meta":[],"product_brand":[59],"product_cat":[51],"product_tag":[],"class_list":{"0":"post-753","1":"product","2":"type-product","3":"status-publish","4":"has-post-thumbnail","6":"product_brand-sencor","7":"product_cat-rollerek","8":"product_shipping_class-1990-ft","10":"first","11":"instock","12":"taxable","13":"shipping-taxable","14":"purchasable","15":"product-type-simple"},"yoast_head":"<!-- This site is optimized with the Yoast SEO Premium plugin v22.1 (Yoast SEO v27.4) - https:\/\/yoast.com\/product\/yoast-seo-premium-wordpress\/ -->\n<title>Sencor SCOOTER X30 - Dr\u00f3t-Szam\u00e1r Shop<\/title>\n<meta name=\"description\" content=\"Ha igaz\u00e1n er\u0151s \u00e9s k\u00e9nyelmes elektromos rollert keresel, a Sencor Scooter X30 a t\u00f6k\u00e9letes v\u00e1laszt\u00e1s. A 500 W-os motor ak\u00e1r 25 km\/h, s\u0151t ak\u00e1r 35 km\/h maxim\u00e1lis sebess\u00e9gre is k\u00e9pes. Egyetlen t\u00f6lt\u00e9ssel ak\u00e1r 45 km-t is megtehetsz, \u00edgy v\u00e1rosn\u00e9z\u00e9shez, munk\u00e1ba j\u00e1r\u00e1shoz vagy kir\u00e1ndul\u00e1sokhoz is ide\u00e1lis t\u00e1rs lesz.\" \/>\n<meta name=\"robots\" content=\"index, follow, max-snippet:-1, max-image-preview:large, max-video-preview:-1\" \/>\n<link rel=\"canonical\" href=\"https:\/\/shop.drot-szamar.hu\/?product=sencor-scooter-x30\" \/>\n<meta property=\"og:locale\" content=\"hu_HU\" \/>\n<meta property=\"og:type\" content=\"article\" \/>\n<meta property=\"og:title\" content=\"Sencor SCOOTER X30\" \/>\n<meta property=\"og:description\" content=\"Ha igaz\u00e1n er\u0151s \u00e9s k\u00e9nyelmes elektromos rollert keresel, a Sencor Scooter X30 a t\u00f6k\u00e9letes v\u00e1laszt\u00e1s. A 500 W-os motor ak\u00e1r 25 km\/h, s\u0151t ak\u00e1r 35 km\/h maxim\u00e1lis sebess\u00e9gre is k\u00e9pes. Egyetlen t\u00f6lt\u00e9ssel ak\u00e1r 45 km-t is megtehetsz, \u00edgy v\u00e1rosn\u00e9z\u00e9shez, munk\u00e1ba j\u00e1r\u00e1shoz vagy kir\u00e1ndul\u00e1sokhoz is ide\u00e1lis t\u00e1rs lesz.\" \/>\n<meta property=\"og:url\" content=\"https:\/\/shop.drot-szamar.hu\/?product=sencor-scooter-x30\" \/>\n<meta property=\"og:site_name\" content=\"Dr\u00f3t-Szam\u00e1r Shop\" \/>\n<meta property=\"article:modified_time\" content=\"2025-06-14T08:31:25+00:00\" \/>\n<meta property=\"og:image\" content=\"https:\/\/shop.drot-szamar.hu\/wp-content\/uploads\/2025\/06\/IMG_4696.jpeg\" \/>\n\t<meta property=\"og:image:width\" content=\"1304\" \/>\n\t<meta property=\"og:image:height\" content=\"2000\" \/>\n\t<meta property=\"og:image:type\" content=\"image\/jpeg\" \/>\n<meta name=\"twitter:card\" content=\"summary_large_image\" \/>\n<meta name=\"twitter:label1\" content=\"\u00c1r\" \/>\n\t<meta name=\"twitter:data1\" content=\"244490&nbsp;&#070;&#116;\" \/>\n\t<meta name=\"twitter:label2\" content=\"El\u00e9rhet\u0151s\u00e9g\" \/>\n\t<meta name=\"twitter:data2\" content=\"K\u00e9szleten\" \/>\n<script type=\"application\/ld+json\" class=\"yoast-schema-graph\">{\"@context\":\"https:\\\/\\\/schema.org\",\"@graph\":[{\"@type\":\"WebPage\",\"@id\":\"https:\\\/\\\/shop.drot-szamar.hu\\\/?product=sencor-scooter-x30\",\"url\":\"https:\\\/\\\/shop.drot-szamar.hu\\\/?product=sencor-scooter-x30\",\"name\":\"Sencor SCOOTER X30 - Dr\u00f3t-Szam\u00e1r Shop\",\"isPartOf\":{\"@id\":\"https:\\\/\\\/shop.drot-szamar.hu\\\/#website\"},\"primaryImageOfPage\":{\"@id\":\"https:\\\/\\\/shop.drot-szamar.hu\\\/?product=sencor-scooter-x30#primaryimage\"},\"image\":{\"@id\":\"https:\\\/\\\/shop.drot-szamar.hu\\\/?product=sencor-scooter-x30#primaryimage\"},\"thumbnailUrl\":\"https:\\\/\\\/shop.drot-szamar.hu\\\/wp-content\\\/uploads\\\/2025\\\/06\\\/IMG_4696.jpeg\",\"datePublished\":\"2025-06-14T08:19:41+00:00\",\"dateModified\":\"2025-06-14T08:31:25+00:00\",\"description\":\"Ha igaz\u00e1n er\u0151s \u00e9s k\u00e9nyelmes elektromos rollert keresel, a Sencor Scooter X30 a t\u00f6k\u00e9letes v\u00e1laszt\u00e1s. A 500 W-os motor ak\u00e1r 25 km\\\/h, s\u0151t ak\u00e1r 35 km\\\/h maxim\u00e1lis sebess\u00e9gre is k\u00e9pes. Egyetlen t\u00f6lt\u00e9ssel ak\u00e1r 45 km-t is megtehetsz, \u00edgy v\u00e1rosn\u00e9z\u00e9shez, munk\u00e1ba j\u00e1r\u00e1shoz vagy kir\u00e1ndul\u00e1sokhoz is ide\u00e1lis t\u00e1rs lesz.\",\"breadcrumb\":{\"@id\":\"https:\\\/\\\/shop.drot-szamar.hu\\\/?product=sencor-scooter-x30#breadcrumb\"},\"inLanguage\":\"hu\",\"potentialAction\":[{\"@type\":\"ReadAction\",\"target\":[\"https:\\\/\\\/shop.drot-szamar.hu\\\/?product=sencor-scooter-x30\"]}]},{\"@type\":\"ImageObject\",\"inLanguage\":\"hu\",\"@id\":\"https:\\\/\\\/shop.drot-szamar.hu\\\/?product=sencor-scooter-x30#primaryimage\",\"url\":\"https:\\\/\\\/shop.drot-szamar.hu\\\/wp-content\\\/uploads\\\/2025\\\/06\\\/IMG_4696.jpeg\",\"contentUrl\":\"https:\\\/\\\/shop.drot-szamar.hu\\\/wp-content\\\/uploads\\\/2025\\\/06\\\/IMG_4696.jpeg\",\"width\":1304,\"height\":2000},{\"@type\":\"BreadcrumbList\",\"@id\":\"https:\\\/\\\/shop.drot-szamar.hu\\\/?product=sencor-scooter-x30#breadcrumb\",\"itemListElement\":[{\"@type\":\"ListItem\",\"position\":1,\"name\":\"Home\",\"item\":\"https:\\\/\\\/shop.drot-szamar.hu\\\/\"},{\"@type\":\"ListItem\",\"position\":2,\"name\":\"Dr\u00f3t-szam\u00e1r Web\u00e1ruh\u00e1z\",\"item\":\"https:\\\/\\\/shop.drot-szamar.hu\\\/\"},{\"@type\":\"ListItem\",\"position\":3,\"name\":\"Sencor SCOOTER X30\"}]},{\"@type\":\"WebSite\",\"@id\":\"https:\\\/\\\/shop.drot-szamar.hu\\\/#website\",\"url\":\"https:\\\/\\\/shop.drot-szamar.hu\\\/\",\"name\":\"Dr\u00f3t-Szam\u00e1r Shop\",\"description\":\"Bring\u00e1k, elektromos \u00e9s hagyom\u00e1nyos rollerek, kieg\u00e9sz\u00edt\u0151k\",\"publisher\":{\"@id\":\"https:\\\/\\\/shop.drot-szamar.hu\\\/#organization\"},\"potentialAction\":[{\"@type\":\"SearchAction\",\"target\":{\"@type\":\"EntryPoint\",\"urlTemplate\":\"https:\\\/\\\/shop.drot-szamar.hu\\\/?s={search_term_string}\"},\"query-input\":{\"@type\":\"PropertyValueSpecification\",\"valueRequired\":true,\"valueName\":\"search_term_string\"}}],\"inLanguage\":\"hu\"},{\"@type\":\"Organization\",\"@id\":\"https:\\\/\\\/shop.drot-szamar.hu\\\/#organization\",\"name\":\"Dr\u00f3t-Szam\u00e1r Shop\",\"url\":\"https:\\\/\\\/shop.drot-szamar.hu\\\/\",\"logo\":{\"@type\":\"ImageObject\",\"inLanguage\":\"hu\",\"@id\":\"https:\\\/\\\/shop.drot-szamar.hu\\\/#\\\/schema\\\/logo\\\/image\\\/\",\"url\":\"https:\\\/\\\/shop.drot-szamar.hu\\\/wp-content\\\/uploads\\\/2021\\\/03\\\/cropped-logo-small-1.png\",\"contentUrl\":\"https:\\\/\\\/shop.drot-szamar.hu\\\/wp-content\\\/uploads\\\/2021\\\/03\\\/cropped-logo-small-1.png\",\"width\":200,\"height\":184,\"caption\":\"Dr\u00f3t-Szam\u00e1r Shop\"},\"image\":{\"@id\":\"https:\\\/\\\/shop.drot-szamar.hu\\\/#\\\/schema\\\/logo\\\/image\\\/\"}}]}<\/script>\n<meta property=\"product:price:amount\" content=\"244490\" \/>\n<meta property=\"product:price:currency\" content=\"HUF\" \/>\n<meta property=\"og:availability\" content=\"instock\" \/>\n<meta property=\"product:availability\" content=\"instock\" \/>\n<meta property=\"product:condition\" content=\"new\" \/>\n<!-- \/ Yoast SEO Premium plugin. -->","yoast_head_json":{"title":"Sencor SCOOTER X30 - Dr\u00f3t-Szam\u00e1r Shop","description":"Ha igaz\u00e1n er\u0151s \u00e9s k\u00e9nyelmes elektromos rollert keresel, a Sencor Scooter X30 a t\u00f6k\u00e9letes v\u00e1laszt\u00e1s. A 500 W-os motor ak\u00e1r 25 km\/h, s\u0151t ak\u00e1r 35 km\/h maxim\u00e1lis sebess\u00e9gre is k\u00e9pes. Egyetlen t\u00f6lt\u00e9ssel ak\u00e1r 45 km-t is megtehetsz, \u00edgy v\u00e1rosn\u00e9z\u00e9shez, munk\u00e1ba j\u00e1r\u00e1shoz vagy kir\u00e1ndul\u00e1sokhoz is ide\u00e1lis t\u00e1rs lesz.","robots":{"index":"index","follow":"follow","max-snippet":"max-snippet:-1","max-image-preview":"max-image-preview:large","max-video-preview":"max-video-preview:-1"},"canonical":"https:\/\/shop.drot-szamar.hu\/?product=sencor-scooter-x30","og_locale":"hu_HU","og_type":"article","og_title":"Sencor SCOOTER X30","og_description":"Ha igaz\u00e1n er\u0151s \u00e9s k\u00e9nyelmes elektromos rollert keresel, a Sencor Scooter X30 a t\u00f6k\u00e9letes v\u00e1laszt\u00e1s. A 500 W-os motor ak\u00e1r 25 km\/h, s\u0151t ak\u00e1r 35 km\/h maxim\u00e1lis sebess\u00e9gre is k\u00e9pes. Egyetlen t\u00f6lt\u00e9ssel ak\u00e1r 45 km-t is megtehetsz, \u00edgy v\u00e1rosn\u00e9z\u00e9shez, munk\u00e1ba j\u00e1r\u00e1shoz vagy kir\u00e1ndul\u00e1sokhoz is ide\u00e1lis t\u00e1rs lesz.","og_url":"https:\/\/shop.drot-szamar.hu\/?product=sencor-scooter-x30","og_site_name":"Dr\u00f3t-Szam\u00e1r Shop","article_modified_time":"2025-06-14T08:31:25+00:00","og_image":[{"width":1304,"height":2000,"url":"https:\/\/shop.drot-szamar.hu\/wp-content\/uploads\/2025\/06\/IMG_4696.jpeg","type":"image\/jpeg"}],"twitter_card":"summary_large_image","twitter_misc":{"\u00c1r":"244490&nbsp;&#70;&#116;","El\u00e9rhet\u0151s\u00e9g":"K\u00e9szleten"},"schema":{"@context":"https:\/\/schema.org","@graph":[{"@type":"WebPage","@id":"https:\/\/shop.drot-szamar.hu\/?product=sencor-scooter-x30","url":"https:\/\/shop.drot-szamar.hu\/?product=sencor-scooter-x30","name":"Sencor SCOOTER X30 - Dr\u00f3t-Szam\u00e1r Shop","isPartOf":{"@id":"https:\/\/shop.drot-szamar.hu\/#website"},"primaryImageOfPage":{"@id":"https:\/\/shop.drot-szamar.hu\/?product=sencor-scooter-x30#primaryimage"},"image":{"@id":"https:\/\/shop.drot-szamar.hu\/?product=sencor-scooter-x30#primaryimage"},"thumbnailUrl":"https:\/\/shop.drot-szamar.hu\/wp-content\/uploads\/2025\/06\/IMG_4696.jpeg","datePublished":"2025-06-14T08:19:41+00:00","dateModified":"2025-06-14T08:31:25+00:00","description":"Ha igaz\u00e1n er\u0151s \u00e9s k\u00e9nyelmes elektromos rollert keresel, a Sencor Scooter X30 a t\u00f6k\u00e9letes v\u00e1laszt\u00e1s. A 500 W-os motor ak\u00e1r 25 km\/h, s\u0151t ak\u00e1r 35 km\/h maxim\u00e1lis sebess\u00e9gre is k\u00e9pes. Egyetlen t\u00f6lt\u00e9ssel ak\u00e1r 45 km-t is megtehetsz, \u00edgy v\u00e1rosn\u00e9z\u00e9shez, munk\u00e1ba j\u00e1r\u00e1shoz vagy kir\u00e1ndul\u00e1sokhoz is ide\u00e1lis t\u00e1rs lesz.","breadcrumb":{"@id":"https:\/\/shop.drot-szamar.hu\/?product=sencor-scooter-x30#breadcrumb"},"inLanguage":"hu","potentialAction":[{"@type":"ReadAction","target":["https:\/\/shop.drot-szamar.hu\/?product=sencor-scooter-x30"]}]},{"@type":"ImageObject","inLanguage":"hu","@id":"https:\/\/shop.drot-szamar.hu\/?product=sencor-scooter-x30#primaryimage","url":"https:\/\/shop.drot-szamar.hu\/wp-content\/uploads\/2025\/06\/IMG_4696.jpeg","contentUrl":"https:\/\/shop.drot-szamar.hu\/wp-content\/uploads\/2025\/06\/IMG_4696.jpeg","width":1304,"height":2000},{"@type":"BreadcrumbList","@id":"https:\/\/shop.drot-szamar.hu\/?product=sencor-scooter-x30#breadcrumb","itemListElement":[{"@type":"ListItem","position":1,"name":"Home","item":"https:\/\/shop.drot-szamar.hu\/"},{"@type":"ListItem","position":2,"name":"Dr\u00f3t-szam\u00e1r Web\u00e1ruh\u00e1z","item":"https:\/\/shop.drot-szamar.hu\/"},{"@type":"ListItem","position":3,"name":"Sencor SCOOTER X30"}]},{"@type":"WebSite","@id":"https:\/\/shop.drot-szamar.hu\/#website","url":"https:\/\/shop.drot-szamar.hu\/","name":"Dr\u00f3t-Szam\u00e1r Shop","description":"Bring\u00e1k, elektromos \u00e9s hagyom\u00e1nyos rollerek, kieg\u00e9sz\u00edt\u0151k","publisher":{"@id":"https:\/\/shop.drot-szamar.hu\/#organization"},"potentialAction":[{"@type":"SearchAction","target":{"@type":"EntryPoint","urlTemplate":"https:\/\/shop.drot-szamar.hu\/?s={search_term_string}"},"query-input":{"@type":"PropertyValueSpecification","valueRequired":true,"valueName":"search_term_string"}}],"inLanguage":"hu"},{"@type":"Organization","@id":"https:\/\/shop.drot-szamar.hu\/#organization","name":"Dr\u00f3t-Szam\u00e1r Shop","url":"https:\/\/shop.drot-szamar.hu\/","logo":{"@type":"ImageObject","inLanguage":"hu","@id":"https:\/\/shop.drot-szamar.hu\/#\/schema\/logo\/image\/","url":"https:\/\/shop.drot-szamar.hu\/wp-content\/uploads\/2021\/03\/cropped-logo-small-1.png","contentUrl":"https:\/\/shop.drot-szamar.hu\/wp-content\/uploads\/2021\/03\/cropped-logo-small-1.png","width":200,"height":184,"caption":"Dr\u00f3t-Szam\u00e1r Shop"},"image":{"@id":"https:\/\/shop.drot-szamar.hu\/#\/schema\/logo\/image\/"}}]},"product_price_amount":"244490","product_price_currency":"HUF","og_availability":"instock","product_availability":"instock","product_condition":"new"},"_links":{"self":[{"href":"https:\/\/shop.drot-szamar.hu\/index.php?rest_route=\/wp\/v2\/product\/753","targetHints":{"allow":["GET"]}}],"collection":[{"href":"https:\/\/shop.drot-szamar.hu\/index.php?rest_route=\/wp\/v2\/product"}],"about":[{"href":"https:\/\/shop.drot-szamar.hu\/index.php?rest_route=\/wp\/v2\/types\/product"}],"replies":[{"embeddable":true,"href":"https:\/\/shop.drot-szamar.hu\/index.php?rest_route=%2Fwp%2Fv2%2Fcomments&post=753"}],"wp:featuredmedia":[{"embeddable":true,"href":"https:\/\/shop.drot-szamar.hu\/index.php?rest_route=\/wp\/v2\/media\/763"}],"wp:attachment":[{"href":"https:\/\/shop.drot-szamar.hu\/index.php?rest_route=%2Fwp%2Fv2%2Fmedia&parent=753"}],"wp:term":[{"taxonomy":"product_brand","embeddable":true,"href":"https:\/\/shop.drot-szamar.hu\/index.php?rest_route=%2Fwp%2Fv2%2Fproduct_brand&post=753"},{"taxonomy":"product_cat","embeddable":true,"href":"https:\/\/shop.drot-szamar.hu\/index.php?rest_route=%2Fwp%2Fv2%2Fproduct_cat&post=753"},{"taxonomy":"product_tag","embeddable":true,"href":"https:\/\/shop.drot-szamar.hu\/index.php?rest_route=%2Fwp%2Fv2%2Fproduct_tag&post=753"}],"curies":[{"name":"wp","href":"https:\/\/api.w.org\/{rel}","templated":true}]}}